CRAN Package Check Results for Package Rsgf

Last updated on 2022-01-26 21:50:21 CET.

Flavor Version Tinstall Tcheck Ttotal Status Flags
r-devel-linux-x86_64-debian-clang 1.0.0 4.53 57.77 62.30 OK
r-devel-linux-x86_64-debian-gcc 1.0.0 3.23 43.95 47.18 OK
r-devel-linux-x86_64-fedora-clang 1.0.0 75.72 NOTE
r-devel-linux-x86_64-fedora-gcc 1.0.0 64.71 NOTE
r-devel-windows-x86_64-new-UL 1.0.0 25.00 73.00 98.00 OK
r-devel-windows-x86_64-new-TK 1.0.0 NOTE
r-patched-linux-x86_64 1.0.0 3.60 53.02 56.62 OK
r-release-linux-x86_64 1.0.0 4.06 52.10 56.16 OK
r-release-macos-arm64 1.0.0 NOTE
r-release-macos-x86_64 1.0.0 NOTE
r-release-windows-ix86+x86_64 1.0.0 13.00 67.00 80.00 OK
r-oldrel-macos-x86_64 1.0.0 NOTE
r-oldrel-windows-ix86+x86_64 1.0.0 14.00 66.00 80.00 OK

Check Details

Version: 1.0.0
Check: dependencies in R code
Result: NOTE
    Namespace in Imports field not imported from: ‘utils’
     All declared Imports should be used.
Flavors: r-devel-linux-x86_64-fedora-clang, r-devel-linux-x86_64-fedora-gcc, r-devel-windows-x86_64-new-TK, r-release-macos-arm64, r-release-macos-x86_64, r-oldrel-macos-x86_64