CRAN Package Check Results for Package Rspc

Last updated on 2022-08-11 06:51:55 CEST.

Flavor Version Tinstall Tcheck Ttotal Status Flags
r-devel-linux-x86_64-debian-clang 1.2.2 2.64 25.75 28.39 NOTE
r-devel-linux-x86_64-debian-gcc 1.2.2 2.13 20.60 22.73 NOTE
r-devel-linux-x86_64-fedora-clang 1.2.2 45.76 NOTE
r-devel-linux-x86_64-fedora-gcc 1.2.2 44.61 NOTE
r-devel-windows-x86_64 1.2.2 12.00 53.00 65.00 NOTE
r-patched-linux-x86_64 1.2.2 3.13 25.74 28.87 NOTE
r-release-linux-x86_64 1.2.2 NOTE
r-release-macos-arm64 1.2.2 15.00 NOTE
r-release-macos-x86_64 1.2.2 22.00 NOTE
r-release-windows-x86_64 1.2.2 11.00 56.00 67.00 NOTE
r-oldrel-macos-arm64 1.2.2 18.00 NOTE
r-oldrel-macos-x86_64 1.2.2 28.00 NOTE
r-oldrel-windows-ix86+x86_64 1.2.2 6.00 47.00 53.00 NOTE

Check Details

Version: 1.2.2
Check: LazyData
Result: NOTE
     'LazyData' is specified without a 'data' directory
Flavors: r-devel-linux-x86_64-debian-clang, r-devel-linux-x86_64-debian-gcc, r-devel-linux-x86_64-fedora-clang, r-devel-linux-x86_64-fedora-gcc, r-devel-windows-x86_64, r-patched-linux-x86_64, r-release-linux-x86_64, r-release-macos-arm64, r-release-macos-x86_64, r-release-windows-x86_64, r-oldrel-macos-arm64, r-oldrel-macos-x86_64, r-oldrel-windows-ix86+x86_64