CRAN Package Check Results for Package Rspc

Last updated on 2023-12-08 06:51:12 CET.

Flavor Version Tinstall Tcheck Ttotal Status Flags
r-devel-linux-x86_64-debian-clang 1.2.2 2.61 25.08 27.69 NOTE
r-devel-linux-x86_64-debian-gcc 1.2.2 1.96 20.16 22.12 NOTE
r-devel-linux-x86_64-fedora-clang 1.2.2 35.80 NOTE
r-devel-linux-x86_64-fedora-gcc 1.2.2 46.42 NOTE
r-devel-windows-x86_64 1.2.2 3.00 44.00 47.00 NOTE
r-patched-linux-x86_64 1.2.2 3.19 25.48 28.67 NOTE
r-release-linux-x86_64 1.2.2 2.69 24.78 27.47 NOTE
r-release-macos-arm64 1.2.2 22.00 NOTE
r-release-macos-x86_64 1.2.2 33.00 NOTE
r-release-windows-x86_64 1.2.2 5.00 43.00 48.00 NOTE
r-oldrel-macos-arm64 1.2.2 17.00 NOTE
r-oldrel-macos-x86_64 1.2.2 22.00 NOTE
r-oldrel-windows-x86_64 1.2.2 4.00 44.00 48.00 NOTE

Check Details

Version: 1.2.2
Check: LazyData
Result: NOTE 'LazyData' is specified without a 'data' directory Flavors: r-devel-linux-x86_64-debian-clang, r-devel-linux-x86_64-debian-gcc, r-devel-linux-x86_64-fedora-clang, r-devel-linux-x86_64-fedora-gcc, r-devel-windows-x86_64, r-patched-linux-x86_64, r-release-linux-x86_64, r-release-macos-arm64, r-release-macos-x86_64, r-release-windows-x86_64, r-oldrel-macos-arm64, r-oldrel-macos-x86_64, r-oldrel-windows-x86_64