CRAN Package Check Results for Package Rspotify

Last updated on 2025-01-17 11:49:59 CET.

Flavor Version Tinstall Tcheck Ttotal Status Flags
r-devel-linux-x86_64-debian-clang 0.1.2 2.05 18.36 20.41 OK
r-devel-linux-x86_64-debian-gcc 0.1.2 1.56 15.21 16.77 OK
r-devel-linux-x86_64-fedora-clang 0.1.2 32.53 NOTE
r-devel-linux-x86_64-fedora-gcc 0.1.2 33.70 NOTE
r-devel-windows-x86_64 0.1.2 4.00 42.00 46.00 OK
r-patched-linux-x86_64 0.1.2 1.97 17.35 19.32 NOTE
r-release-linux-x86_64 0.1.2 1.66 17.28 18.94 NOTE
r-release-macos-arm64 0.1.2 15.00 NOTE
r-release-macos-x86_64 0.1.2 21.00 NOTE
r-release-windows-x86_64 0.1.2 3.00 42.00 45.00 NOTE
r-oldrel-macos-arm64 0.1.2 14.00 NOTE
r-oldrel-macos-x86_64 0.1.2 22.00 NOTE
r-oldrel-windows-x86_64 0.1.2 4.00 42.00 46.00 NOTE

Check Details

Version: 0.1.2
Check: dependencies in R code
Result: NOTE Namespace in Imports field not imported from: ‘magrittr’ All declared Imports should be used. Flavors: r-devel-linux-x86_64-fedora-clang, r-devel-linux-x86_64-fedora-gcc

Version: 0.1.2
Check: LazyData
Result: NOTE 'LazyData' is specified without a 'data' directory Flavors: r-patched-linux-x86_64, r-release-linux-x86_64, r-release-macos-arm64, r-release-macos-x86_64, r-release-windows-x86_64, r-oldrel-macos-arm64, r-oldrel-macos-x86_64, r-oldrel-windows-x86_64