CRAN Package Check Results for Package Rspotify

Last updated on 2024-07-13 14:48:29 CEST.

Flavor Version Tinstall Tcheck Ttotal Status Flags
r-devel-linux-x86_64-debian-clang 0.1.2 2.42 23.44 25.86 NOTE
r-devel-linux-x86_64-debian-gcc 0.1.2 2.00 18.16 20.16 NOTE
r-devel-linux-x86_64-fedora-clang 0.1.2 32.88 NOTE
r-devel-linux-x86_64-fedora-gcc 0.1.2 32.40 NOTE
r-devel-windows-x86_64 0.1.2 4.00 41.00 45.00 NOTE
r-patched-linux-x86_64 0.1.2 2.18 22.88 25.06 NOTE
r-release-linux-x86_64 0.1.2 1.71 21.97 23.68 NOTE
r-release-macos-arm64 0.1.2 15.00 NOTE
r-release-macos-x86_64 0.1.2 21.00 NOTE
r-release-windows-x86_64 0.1.2 4.00 42.00 46.00 NOTE
r-oldrel-macos-arm64 0.1.2 14.00 NOTE
r-oldrel-macos-x86_64 0.1.2 22.00 NOTE
r-oldrel-windows-x86_64 0.1.2 4.00 45.00 49.00 NOTE

Check Details

Version: 0.1.2
Check: LazyData
Result: NOTE 'LazyData' is specified without a 'data' directory Flavors: r-devel-linux-x86_64-debian-clang, r-devel-linux-x86_64-debian-gcc, r-devel-linux-x86_64-fedora-clang, r-devel-linux-x86_64-fedora-gcc, r-devel-windows-x86_64, r-patched-linux-x86_64, r-release-linux-x86_64, r-release-macos-arm64, r-release-macos-x86_64, r-release-windows-x86_64, r-oldrel-macos-arm64, r-oldrel-macos-x86_64, r-oldrel-windows-x86_64

Version: 0.1.2
Check: dependencies in R code
Result: NOTE Namespace in Imports field not imported from: ‘magrittr’ All declared Imports should be used. Flavors: r-devel-linux-x86_64-fedora-clang, r-devel-linux-x86_64-fedora-gcc