CRAN Package Check Results for Package RstoxData

Last updated on 2021-09-24 18:49:49 CEST.

Flavor Version Tinstall Tcheck Ttotal Status Flags
r-devel-linux-x86_64-debian-clang 1.2.1 51.60 101.75 153.35 OK
r-devel-linux-x86_64-debian-gcc 1.2.1 38.74 74.89 113.63 OK
r-devel-linux-x86_64-fedora-clang 1.2.1 202.89 NOTE
r-devel-linux-x86_64-fedora-gcc 1.2.1 182.97 NOTE
r-devel-windows-x86_64 1.2.1 55.00 109.00 164.00 OK
r-devel-windows-x86_64-gcc10-UCRT 1.2.1 NOTE
r-patched-linux-x86_64 1.2.1 44.11 96.38 140.49 OK
r-patched-solaris-x86 1.2.1 206.00 NOTE
r-release-linux-x86_64 1.2.1 44.85 95.61 140.46 OK
r-release-macos-arm64 1.2.1 NOTE
r-release-macos-x86_64 1.2.1 NOTE
r-release-windows-ix86+x86_64 1.2.1 125.00 218.00 343.00 OK
r-oldrel-macos-x86_64 1.2.1 NOTE
r-oldrel-windows-ix86+x86_64 1.2.1 94.00 163.00 257.00 OK

Check Details

Version: 1.2.1
Check: data for non-ASCII characters
Result: NOTE
     Note: found 117 marked UTF-8 strings
Flavors: r-devel-linux-x86_64-fedora-clang, r-devel-linux-x86_64-fedora-gcc, r-devel-windows-x86_64-gcc10-UCRT, r-patched-solaris-x86, r-release-macos-arm64, r-release-macos-x86_64, r-oldrel-macos-x86_64

Version: 1.2.1
Check: installed package size
Result: NOTE
     installed size is 5.7Mb
     sub-directories of 1Mb or more:
     libs 4.0Mb
Flavor: r-release-macos-arm64