CRAN Package Check Results for Package RstoxData

Last updated on 2021-01-23 20:47:00 CET.

Flavor Version Tinstall Tcheck Ttotal Status Flags
r-devel-linux-x86_64-debian-clang 1.0.23 54.53 96.94 151.47 OK
r-devel-linux-x86_64-debian-gcc 1.0.23 36.39 71.35 107.74 OK
r-devel-linux-x86_64-fedora-clang 1.0.23 200.19 NOTE
r-devel-linux-x86_64-fedora-gcc 1.0.23 174.60 NOTE
r-devel-windows-ix86+x86_64 1.0.23 125.00 208.00 333.00 OK
r-patched-linux-x86_64 1.0.23 44.57 90.11 134.68 OK
r-patched-solaris-x86 1.0.23 189.10 NOTE
r-release-linux-x86_64 1.0.23 45.07 90.33 135.40 OK
r-release-macos-x86_64 1.0.23 NOTE
r-release-windows-ix86+x86_64 1.0.23 105.00 164.00 269.00 OK
r-oldrel-macos-x86_64 1.0.23 NOTE
r-oldrel-windows-ix86+x86_64 1.0.23 92.00 227.00 319.00 OK

Check Details

Version: 1.0.23
Check: data for non-ASCII characters
Result: NOTE
     Note: found 117 marked UTF-8 strings
Flavors: r-devel-linux-x86_64-fedora-clang, r-devel-linux-x86_64-fedora-gcc, r-patched-solaris-x86, r-release-macos-x86_64, r-oldrel-macos-x86_64