CRAN Package Check Results for Package Rthingsboard

Last updated on 2024-05-18 04:11:48 CEST.

Flavor Version Tinstall Tcheck Ttotal Status Flags
r-devel-linux-x86_64-debian-clang 0.2.7 5.97 42.83 48.80 OK
r-devel-linux-x86_64-debian-gcc 0.2.7 3.88 32.27 36.15 OK
r-devel-linux-x86_64-fedora-clang 0.2.7 60.48 NOTE
r-devel-linux-x86_64-fedora-gcc 0.2.7 81.44 NOTE
r-devel-windows-x86_64 0.2.7 6.00 52.00 58.00 OK
r-patched-linux-x86_64 0.2.7 5.68 39.73 45.41 OK
r-release-linux-x86_64 0.2.7 5.72 40.76 46.48 OK
r-release-macos-arm64 0.2.7 21.00 OK
r-release-windows-x86_64 0.2.7 7.00 54.00 61.00 OK
r-oldrel-macos-arm64 0.2.7 21.00 OK
r-oldrel-macos-x86_64 0.2.7 31.00 OK
r-oldrel-windows-x86_64 0.2.7 7.00 57.00 64.00 OK

Check Details

Version: 0.2.7
Check: dependencies in R code
Result: NOTE Namespaces in Imports field not imported from: ‘httr’ ‘logger’ All declared Imports should be used. Flavors: r-devel-linux-x86_64-fedora-clang, r-devel-linux-x86_64-fedora-gcc