CRAN Package Check Results for Package Rvcg

Last updated on 2019-10-18 18:48:04 CEST.

Flavor Version Tinstall Tcheck Ttotal Status Flags
r-devel-linux-x86_64-debian-clang 0.18 561.93 39.24 601.17 WARN
r-devel-linux-x86_64-debian-gcc 0.18 433.13 33.83 466.96 WARN
r-devel-linux-x86_64-fedora-clang 0.18 881.48 NOTE
r-devel-linux-x86_64-fedora-gcc 0.18 869.28 WARN
r-devel-windows-ix86+x86_64 0.18 1411.00 111.00 1522.00 NOTE
r-patched-linux-x86_64 0.18 471.16 40.63 511.79 NOTE
r-patched-solaris-x86 0.18 720.50 NOTE
r-release-linux-x86_64 0.18 483.17 40.91 524.08 NOTE
r-release-windows-ix86+x86_64 0.18 1005.00 103.00 1108.00 NOTE
r-release-osx-x86_64 0.18 NOTE
r-oldrel-windows-ix86+x86_64 0.18 1005.00 91.00 1096.00 NOTE
r-oldrel-osx-x86_64 0.18 NOTE

Additional issues

LTO

Check Details

Version: 0.18
Check: whether package can be installed
Result: WARN
    Found the following significant warnings:
     vcglib/wrap/io_trimesh/import_stl.h:113:4: warning: ignoring return value of function declared with 'warn_unused_result' attribute [-Wunused-result]
     vcglib/wrap/io_trimesh/import_stl.h:120:6: warning: ignoring return value of function declared with 'warn_unused_result' attribute [-Wunused-result]
     vcglib/wrap/io_trimesh/import_stl.h:121:6: warning: ignoring return value of function declared with 'warn_unused_result' attribute [-Wunused-result]
     vcglib/wrap/io_trimesh/import_stl.h:122:6: warning: ignoring return value of function declared with 'warn_unused_result' attribute [-Wunused-result]
     vcglib/wrap/io_trimesh/import_stl.h:143:3: warning: ignoring return value of function declared with 'warn_unused_result' attribute [-Wunused-result]
     vcglib/wrap/io_trimesh/import_stl.h:147:3: warning: ignoring return value of function declared with 'warn_unused_result' attribute [-Wunused-result]
     vcglib/wrap/io_trimesh/import_stl.h:188:3: warning: ignoring return value of function declared with 'warn_unused_result' attribute [-Wunused-result]
     vcglib/wrap/io_trimesh/import_stl.h:199:7: warning: ignoring return value of function declared with 'warn_unused_result' attribute [-Wunused-result]
     vcglib/wrap/io_trimesh/import_stl.h:200:7: warning: ignoring return value of function declared with 'warn_unused_result' attribute [-Wunused-result]
     vcglib/wrap/io_trimesh/import_stl.h:201:7: warning: ignoring return value of function declared with 'warn_unused_result' attribute [-Wunused-result]
     vcglib/wrap/io_trimesh/import_stl.h:104:4: warning: ignoring return value of function declared with 'warn_unused_result' attribute [-Wunused-result]
Flavor: r-devel-linux-x86_64-debian-clang

Version: 0.18
Check: line endings in C/C++/Fortran sources/headers
Result: NOTE
    Found the following sources/headers with CR or CRLF line endings:
     src/vcglib/wrap/nanoply/include/nanoplyWrapper.hpp
    Some Unix compilers require LF line endings.
Flavors: r-devel-linux-x86_64-debian-clang, r-devel-linux-x86_64-debian-gcc, r-devel-linux-x86_64-fedora-clang, r-devel-linux-x86_64-fedora-gcc, r-devel-windows-ix86+x86_64, r-patched-linux-x86_64, r-patched-solaris-x86, r-release-linux-x86_64, r-release-windows-ix86+x86_64, r-release-osx-x86_64

Version: 0.18
Check: for non-standard things in the check directory
Result: NOTE
    Found the following files/directories:
     'humface.obj' 'humface.off' 'humface.ply' 'humface.stl' 'humface.wrl'
Flavors: r-devel-linux-x86_64-debian-clang, r-devel-linux-x86_64-debian-gcc, r-devel-linux-x86_64-fedora-clang, r-devel-linux-x86_64-fedora-gcc

Version: 0.18
Check: whether package can be installed
Result: WARN
    Found the following significant warnings:
     vcglib/wrap/ply/plylib.cpp:3666:38: warning: passing argument 1 to restrict-qualified parameter aliases with argument 3 [-Wrestrict]
     vcglib/wrap/io_trimesh/import_stl.h:143:8: warning: ignoring return value of ‘size_t fread(void*, size_t, size_t, FILE*)’, declared with attribute warn_unused_result [-Wunused-result]
     vcglib/wrap/io_trimesh/import_stl.h:147:8: warning: ignoring return value of ‘size_t fread(void*, size_t, size_t, FILE*)’, declared with attribute warn_unused_result [-Wunused-result]
     vcglib/wrap/io_trimesh/import_stl.h:188:8: warning: ignoring return value of ‘size_t fread(void*, size_t, size_t, FILE*)’, declared with attribute warn_unused_result [-Wunused-result]
     vcglib/wrap/io_trimesh/import_stl.h:199:12: warning: ignoring return value of ‘size_t fread(void*, size_t, size_t, FILE*)’, declared with attribute warn_unused_result [-Wunused-result]
     vcglib/wrap/io_trimesh/import_stl.h:200:12: warning: ignoring return value of ‘size_t fread(void*, size_t, size_t, FILE*)’, declared with attribute warn_unused_result [-Wunused-result]
     vcglib/wrap/io_trimesh/import_stl.h:201:12: warning: ignoring return value of ‘size_t fread(void*, size_t, size_t, FILE*)’, declared with attribute warn_unused_result [-Wunused-result]
     vcglib/wrap/io_trimesh/import_stl.h:104:9: warning: ignoring return value of ‘size_t fread(void*, size_t, size_t, FILE*)’, declared with attribute warn_unused_result [-Wunused-result]
     vcglib/wrap/io_trimesh/import_stl.h:113:9: warning: ignoring return value of ‘size_t fread(void*, size_t, size_t, FILE*)’, declared with attribute warn_unused_result [-Wunused-result]
     vcglib/wrap/io_trimesh/import_stl.h:120:11: warning: ignoring return value of ‘size_t fread(void*, size_t, size_t, FILE*)’, declared with attribute warn_unused_result [-Wunused-result]
     vcglib/wrap/io_trimesh/import_stl.h:121:11: warning: ignoring return value of ‘size_t fread(void*, size_t, size_t, FILE*)’, declared with attribute warn_unused_result [-Wunused-result]
     vcglib/wrap/io_trimesh/import_stl.h:122:11: warning: ignoring return value of ‘size_t fread(void*, size_t, size_t, FILE*)’, declared with attribute warn_unused_result [-Wunused-result]
Flavors: r-devel-linux-x86_64-debian-gcc, r-devel-linux-x86_64-fedora-gcc

Version: 0.18
Check: installed package size
Result: NOTE
     installed size is 39.8Mb
     sub-directories of 1Mb or more:
     libs 39.1Mb
Flavors: r-devel-linux-x86_64-fedora-clang, r-devel-windows-ix86+x86_64, r-release-windows-ix86+x86_64, r-release-osx-x86_64, r-oldrel-windows-ix86+x86_64, r-oldrel-osx-x86_64