CRAN Package Check Results for Package Rvcg

Last updated on 2019-07-18 00:48:41 CEST.

Flavor Version Tinstall Tcheck Ttotal Status Flags
r-devel-linux-x86_64-debian-clang 0.18 488.82 39.13 527.95 NOTE
r-devel-linux-x86_64-debian-gcc 0.18 418.17 34.51 452.68 NOTE
r-devel-linux-x86_64-fedora-clang 0.18 848.59 NOTE
r-devel-linux-x86_64-fedora-gcc 0.18 859.53 NOTE
r-devel-windows-ix86+x86_64 0.18 1304.00 139.00 1443.00 NOTE
r-patched-linux-x86_64 0.18 484.11 41.91 526.02 NOTE
r-patched-solaris-x86 0.18 727.20 NOTE
r-release-linux-x86_64 0.18 493.52 41.68 535.20 NOTE
r-release-windows-ix86+x86_64 0.18 1071.00 115.00 1186.00 NOTE
r-release-osx-x86_64 0.18 NOTE
r-oldrel-windows-ix86+x86_64 0.18 1008.00 102.00 1110.00 NOTE
r-oldrel-osx-x86_64 0.18 NOTE

Additional issues

LTO

Check Details

Version: 0.18
Check: line endings in C/C++/Fortran sources/headers
Result: NOTE
    Found the following sources/headers with CR or CRLF line endings:
     src/vcglib/wrap/nanoply/include/nanoplyWrapper.hpp
    Some Unix compilers require LF line endings.
Flavors: r-devel-linux-x86_64-debian-clang, r-devel-linux-x86_64-debian-gcc, r-devel-linux-x86_64-fedora-clang, r-devel-linux-x86_64-fedora-gcc, r-devel-windows-ix86+x86_64, r-patched-linux-x86_64, r-patched-solaris-x86, r-release-linux-x86_64, r-release-windows-ix86+x86_64, r-release-osx-x86_64

Version: 0.18
Check: for non-standard things in the check directory
Result: NOTE
    Found the following files/directories:
     'humface.obj' 'humface.off' 'humface.ply' 'humface.stl' 'humface.wrl'
Flavors: r-devel-linux-x86_64-debian-clang, r-devel-linux-x86_64-debian-gcc, r-devel-linux-x86_64-fedora-clang, r-devel-linux-x86_64-fedora-gcc

Version: 0.18
Check: installed package size
Result: NOTE
     installed size is 38.0Mb
     sub-directories of 1Mb or more:
     libs 37.3Mb
Flavors: r-devel-linux-x86_64-fedora-clang, r-devel-windows-ix86+x86_64, r-release-windows-ix86+x86_64, r-release-osx-x86_64, r-oldrel-windows-ix86+x86_64, r-oldrel-osx-x86_64