CRAN Package Check Results for Package Rwordseg

Last updated on 2021-04-23 00:49:01 CEST.

Flavor Version Tinstall Tcheck Ttotal Status Flags
r-devel-linux-x86_64-debian-clang 0.3-2 3.00 34.43 37.43 OK
r-devel-linux-x86_64-debian-gcc 0.3-2 2.50 28.34 30.84 OK
r-devel-linux-x86_64-fedora-clang 0.3-2 56.82 NOTE
r-devel-linux-x86_64-fedora-gcc 0.3-2 46.84 NOTE
r-devel-windows-ix86+x86_64 0.3-2 6.00 54.00 60.00 OK
r-devel-windows-x86_64-gcc10-UCRT 0.3-2 NOTE
r-patched-linux-x86_64 0.3-2 3.16 33.07 36.23 OK
r-patched-solaris-x86 0.3-2 67.40 NOTE
r-release-linux-x86_64 0.3-2 2.73 33.62 36.35 OK
r-release-macos-x86_64 0.3-2 NOTE
r-release-windows-ix86+x86_64 0.3-2 7.00 52.00 59.00 OK
r-oldrel-macos-x86_64 0.3-2 NOTE
r-oldrel-windows-ix86+x86_64 0.3-2 6.00 49.00 55.00 OK

Check Details

Version: 0.3-2
Check: Rd cross-references
Result: NOTE
    Undeclared package ‘tm’ in Rd xrefs
Flavor: r-devel-linux-x86_64-fedora-clang

Version: 0.3-2
Check: data for non-ASCII characters
Result: NOTE
     Note: found 2016 marked UTF-8 strings
Flavors: r-devel-linux-x86_64-fedora-clang, r-devel-linux-x86_64-fedora-gcc, r-devel-windows-x86_64-gcc10-UCRT, r-patched-solaris-x86, r-release-macos-x86_64, r-oldrel-macos-x86_64