CRAN Package Check Results for Package Rwtss

Last updated on 2024-07-23 16:49:16 CEST.

Flavor Version Tinstall Tcheck Ttotal Status Flags
r-devel-linux-x86_64-debian-clang 0.9.2 3.57 41.26 44.83 NOTE
r-devel-linux-x86_64-debian-gcc 0.9.2 2.30 31.72 34.02 NOTE
r-devel-linux-x86_64-fedora-clang 0.9.2 59.44 NOTE
r-devel-linux-x86_64-fedora-gcc 0.9.2 69.34 NOTE
r-devel-windows-x86_64 0.9.2 5.00 58.00 63.00 NOTE
r-patched-linux-x86_64 0.9.2 3.45 40.13 43.58 NOTE
r-release-linux-x86_64 0.9.2 2.99 40.11 43.10 NOTE
r-release-macos-arm64 0.9.2 27.00 NOTE
r-release-macos-x86_64 0.9.2 41.00 NOTE
r-release-windows-x86_64 0.9.2 4.00 57.00 61.00 NOTE
r-oldrel-macos-arm64 0.9.2 27.00 OK
r-oldrel-macos-x86_64 0.9.2 43.00 OK
r-oldrel-windows-x86_64 0.9.2 5.00 61.00 66.00 OK

Check Details

Version: 0.9.2
Check: Rd files
Result: NOTE checkRd: (-1) wtss_to_ts.Rd:31: Lost braces; missing escapes or markup? 31 | This period can be either {"month", "week", "day"}, | ^ checkRd: (-1) wtss_to_ts.Rd:32: Lost braces; missing escapes or markup? 32 | {"months", "weeks", "days"} or | ^ checkRd: (-1) wtss_to_ts.Rd:33: Lost braces; missing escapes or markup? 33 | {12, 52, 365}. This function creates a new time series with the required | ^ Flavors: r-devel-linux-x86_64-debian-clang, r-devel-linux-x86_64-debian-gcc, r-devel-linux-x86_64-fedora-clang, r-devel-linux-x86_64-fedora-gcc, r-devel-windows-x86_64, r-patched-linux-x86_64, r-release-linux-x86_64, r-release-macos-arm64, r-release-macos-x86_64, r-release-windows-x86_64