CRAN Package Check Results for Package RxODE

Last updated on 2022-01-20 21:55:25 CET.

Flavor Version Tinstall Tcheck Ttotal Status Flags
r-devel-linux-x86_64-debian-clang 1.1.4 OK
r-devel-linux-x86_64-debian-gcc 1.1.4 443.29 144.92 588.21 OK
r-devel-linux-x86_64-fedora-clang 1.1.4 773.29 NOTE
r-devel-linux-x86_64-fedora-gcc 1.1.4 723.60 OK
r-devel-windows-x86_64-new-UL 1.1.4 452.00 396.00 848.00 NOTE
r-devel-windows-x86_64-new-TK 1.1.2 WARN
r-patched-linux-x86_64 1.1.2 482.81 186.97 669.78 OK
r-release-linux-x86_64 1.1.4 502.40 185.70 688.10 OK
r-release-macos-arm64 1.1.2 NOTE
r-release-macos-x86_64 1.1.4 NOTE
r-release-windows-ix86+x86_64 1.1.4 950.00 415.00 1365.00 NOTE
r-oldrel-macos-x86_64 1.1.2 NOTE
r-oldrel-windows-ix86+x86_64 1.1.2 1135.00 427.00 1562.00 NOTE

Check Details

Version: 1.1.4
Check: installed package size
Result: NOTE
     installed size is 48.5Mb
     sub-directories of 1Mb or more:
     libs 45.8Mb
Flavors: r-devel-linux-x86_64-fedora-clang, r-devel-windows-x86_64-new-UL, r-release-macos-x86_64, r-release-windows-ix86+x86_64

Version: 1.1.2
Check: whether package can be installed
Result: WARN
    Found the following significant warnings:
     strncmp.c:39:25: warning: pointer targets in initialization of 'const uint8_t *' {aka 'const unsigned char *'} from 'const char *' differ in signedness [-Wpointer-sign]
     strncmp.c:40:25: warning: pointer targets in initialization of 'const uint8_t *' {aka 'const unsigned char *'} from 'const char *' differ in signedness [-Wpointer-sign]
Flavor: r-devel-windows-x86_64-new-TK

Version: 1.1.2
Check: package dependencies
Result: NOTE
    Package suggested but not available for checking: ‘symengine’
Flavor: r-release-macos-arm64

Version: 1.1.2
Check: installed package size
Result: NOTE
     installed size is 7.8Mb
     sub-directories of 1Mb or more:
     libs 5.2Mb
Flavors: r-release-macos-arm64, r-oldrel-macos-x86_64, r-oldrel-windows-ix86+x86_64