CRAN Package Check Results for Package RxODE

Last updated on 2021-07-25 21:50:01 CEST.

Flavor Version Tinstall Tcheck Ttotal Status Flags
r-devel-linux-x86_64-debian-clang 1.0.9 1.69 3.04 4.73 ERROR
r-devel-linux-x86_64-debian-gcc 1.0.9 1.21 2.21 3.42 ERROR
r-devel-linux-x86_64-fedora-clang 1.0.9 1186.26 NOTE
r-devel-linux-x86_64-fedora-gcc FAIL
r-devel-windows-x86_64 1.0.9 571.00 284.00 855.00 NOTE
r-devel-windows-x86_64-gcc10-UCRT 1.0.9 OK
r-patched-linux-x86_64 1.0.9 449.50 171.45 620.95 OK
r-patched-solaris-x86 1.0.9 892.90 NOTE
r-release-linux-x86_64 1.0.9 469.09 173.64 642.73 OK
r-release-macos-arm64 1.0.9 NOTE
r-release-macos-x86_64 1.0.9 NOTE
r-release-windows-ix86+x86_64 1.0.9 1070.00 421.00 1491.00 NOTE
r-oldrel-macos-x86_64 1.0.9 NOTE
r-oldrel-windows-ix86+x86_64 1.0.9 804.00 438.00 1242.00 NOTE

Check Details

Version: 1.0.9
Check: package dependencies
Result: ERROR
    Package required but not available: 'qs'
    
    See section 'The DESCRIPTION file' in the 'Writing R Extensions'
    manual.
Flavors: r-devel-linux-x86_64-debian-clang, r-devel-linux-x86_64-debian-gcc

Version: 1.0.9
Check: installed package size
Result: NOTE
     installed size is 55.5Mb
     sub-directories of 1Mb or more:
     libs 52.9Mb
Flavors: r-devel-linux-x86_64-fedora-clang, r-devel-windows-x86_64, r-patched-solaris-x86, r-release-macos-arm64, r-release-macos-x86_64, r-release-windows-ix86+x86_64, r-oldrel-macos-x86_64, r-oldrel-windows-ix86+x86_64

Version: 1.0.9
Check: for unstated dependencies in ‘tests’
Result: FAIL
Flavor: r-devel-linux-x86_64-fedora-gcc

Version: 1.0.9
Check: package dependencies
Result: NOTE
    Package suggested but not available for checking: ‘symengine’
Flavor: r-release-macos-arm64