CRAN Package Check Results for Package Ryacas

Last updated on 2019-09-23 13:46:30 CEST.

Flavor Version Tinstall Tcheck Ttotal Status Flags
r-devel-linux-x86_64-debian-clang 1.0.0 94.66 79.56 174.22 OK
r-devel-linux-x86_64-debian-gcc 1.0.0 78.07 62.69 140.76 OK
r-devel-linux-x86_64-fedora-clang 1.0.0 256.70 NOTE
r-devel-linux-x86_64-fedora-gcc 1.0.0 235.97 OK
r-devel-windows-ix86+x86_64 1.0.0 350.00 185.00 535.00 NOTE
r-patched-linux-x86_64 1.0.0 83.34 78.22 161.56 OK
r-patched-solaris-x86 1.0.0 224.30 OK
r-release-linux-x86_64 1.0.0 83.29 79.83 163.12 OK
r-release-windows-ix86+x86_64 1.0.0 324.00 190.00 514.00 NOTE
r-release-osx-x86_64 1.0.0 NOTE
r-oldrel-windows-ix86+x86_64 1.0.0 226.00 127.00 353.00 NOTE
r-oldrel-osx-x86_64 1.0.0 NOTE

Check Details

Version: 1.0.0
Check: installed package size
Result: NOTE
     installed size is 10.6Mb
     sub-directories of 1Mb or more:
     libs 8.5Mb
     yacas 1.6Mb
Flavors: r-devel-linux-x86_64-fedora-clang, r-release-osx-x86_64, r-oldrel-osx-x86_64

Version: 1.0.0
Check: package dependencies
Result: NOTE
    Package suggested but not available for checking: 'unix'
Flavors: r-devel-windows-ix86+x86_64, r-release-windows-ix86+x86_64, r-oldrel-windows-ix86+x86_64