CRAN Package Check Results for Package Ryacas

Last updated on 2019-06-19 22:49:50 CEST.

Flavor Version Tinstall Tcheck Ttotal Status Flags
r-devel-linux-x86_64-debian-clang 0.4.1 79.43 99.35 178.78 OK
r-devel-linux-x86_64-debian-gcc 0.4.1 60.21 77.52 137.73 OK
r-devel-linux-x86_64-fedora-clang 0.4.1 255.78 NOTE
r-devel-linux-x86_64-fedora-gcc 0.4.1 219.09 OK
r-devel-windows-ix86+x86_64 0.4.1 240.00 195.00 435.00 OK
r-patched-linux-x86_64 0.4.1 70.81 99.47 170.28 OK
r-patched-solaris-x86 0.4.1 248.10 OK
r-release-linux-x86_64 0.4.1 70.96 99.78 170.74 OK
r-release-windows-ix86+x86_64 0.4.1 277.00 198.00 475.00 OK
r-release-osx-x86_64 0.4.1 NOTE
r-oldrel-windows-ix86+x86_64 0.4.1 173.00 190.00 363.00 OK
r-oldrel-osx-x86_64 0.4.1 NOTE

Check Details

Version: 0.4.1
Check: installed package size
Result: NOTE
     installed size is 9.6Mb
     sub-directories of 1Mb or more:
     libs 7.6Mb
     yacas 1.5Mb
Flavors: r-devel-linux-x86_64-fedora-clang, r-release-osx-x86_64, r-oldrel-osx-x86_64