CRAN Package Check Results for Package Ryacas0

Last updated on 2022-01-22 17:49:31 CET.

Flavor Version Tinstall Tcheck Ttotal Status Flags
r-devel-linux-x86_64-debian-clang 0.4.3 78.04 101.63 179.67 OK
r-devel-linux-x86_64-debian-gcc 0.4.3 64.82 76.86 141.68 OK
r-devel-linux-x86_64-fedora-clang 0.4.3 282.78 NOTE
r-devel-linux-x86_64-fedora-gcc 0.4.3 246.49 OK
r-devel-windows-x86_64-new-UL 0.4.3 269.00 199.00 468.00 OK
r-devel-windows-x86_64-new-TK 0.4.3 OK
r-patched-linux-x86_64 0.4.3 78.07 108.57 186.64 OK
r-release-linux-x86_64 0.4.3 77.85 107.44 185.29 OK
r-release-macos-arm64 0.4.3 NOTE
r-release-macos-x86_64 0.4.3 NOTE
r-release-windows-ix86+x86_64 0.4.3 225.00 172.00 397.00 OK
r-oldrel-macos-x86_64 0.4.3 NOTE
r-oldrel-windows-ix86+x86_64 0.4.3 225.00 179.00 404.00 OK

Check Details

Version: 0.4.3
Check: installed package size
Result: NOTE
     installed size is 8.2Mb
     sub-directories of 1Mb or more:
     libs 6.1Mb
     yacas 1.5Mb
Flavors: r-devel-linux-x86_64-fedora-clang, r-release-macos-arm64, r-release-macos-x86_64, r-oldrel-macos-x86_64