CRAN Package Check Results for Package S2sls

Last updated on 2019-02-19 20:47:52 CET.

Flavor Version Tinstall Tcheck Ttotal Status Flags
r-devel-linux-x86_64-debian-clang 0.1 1.24 17.15 18.39 OK
r-devel-linux-x86_64-debian-gcc 0.1 0.91 13.97 14.88 OK
r-devel-linux-x86_64-fedora-clang 0.1 22.90 NOTE
r-devel-linux-x86_64-fedora-gcc 0.1 21.34 NOTE
r-devel-windows-ix86+x86_64 0.1 4.00 28.00 32.00 OK
r-patched-linux-x86_64 0.1 0.83 16.04 16.87 OK
r-patched-solaris-x86 0.1 31.80 NOTE
r-release-linux-x86_64 0.1 0.65 15.99 16.64 OK
r-release-windows-ix86+x86_64 0.1 2.00 27.00 29.00 OK
r-release-osx-x86_64 0.1 NOTE
r-oldrel-windows-ix86+x86_64 0.1 2.00 26.00 28.00 OK
r-oldrel-osx-x86_64 0.1 NOTE

Check Details

Version: 0.1
Check: dependencies in R code
Result: NOTE
    Namespace in Imports field not imported from: ‘spanel’
     All declared Imports should be used.
Flavors: r-devel-linux-x86_64-fedora-clang, r-devel-linux-x86_64-fedora-gcc, r-patched-solaris-x86, r-release-osx-x86_64, r-oldrel-osx-x86_64