CRAN Package Check Results for Package S2sls

Last updated on 2019-04-26 14:57:52 CEST.

Flavor Version Tinstall Tcheck Ttotal Status Flags
r-devel-linux-x86_64-debian-clang 0.1 1.55 17.10 18.65 OK
r-devel-linux-x86_64-debian-gcc 0.1 1.11 14.28 15.39 OK
r-devel-linux-x86_64-fedora-clang 0.1 23.14 NOTE
r-devel-linux-x86_64-fedora-gcc 0.1 21.46 NOTE
r-patched-linux-x86_64 0.1 1.43 17.04 18.47 OK
r-patched-solaris-x86 0.1 35.00 NOTE
r-release-linux-x86_64 0.1 0.84 15.84 16.68 OK
r-release-windows-ix86+x86_64 0.1 2.00 27.00 29.00 OK
r-release-osx-x86_64 0.1 NOTE
r-oldrel-windows-ix86+x86_64 0.1 2.00 26.00 28.00 OK
r-oldrel-osx-x86_64 0.1 NOTE

Check Details

Version: 0.1
Check: dependencies in R code
Result: NOTE
    Namespace in Imports field not imported from: ‘spanel’
     All declared Imports should be used.
Flavors: r-devel-linux-x86_64-fedora-clang, r-devel-linux-x86_64-fedora-gcc, r-patched-solaris-x86, r-release-osx-x86_64, r-oldrel-osx-x86_64