CRAN Package Check Results for Package S2sls

Last updated on 2019-08-19 11:49:13 CEST.

Flavor Version Tinstall Tcheck Ttotal Status Flags
r-devel-linux-x86_64-debian-clang 0.1 1.79 17.29 19.08 OK
r-devel-linux-x86_64-debian-gcc 0.1 1.47 14.09 15.56 OK
r-devel-linux-x86_64-fedora-clang 0.1 24.83 NOTE
r-devel-linux-x86_64-fedora-gcc 0.1 22.92 NOTE
r-devel-windows-ix86+x86_64 0.1 4.00 41.00 45.00 OK
r-patched-linux-x86_64 0.1 1.20 17.03 18.23 OK
r-patched-solaris-x86 0.1 37.00 NOTE
r-release-linux-x86_64 0.1 1.57 17.20 18.77 OK
r-release-windows-ix86+x86_64 0.1 4.00 38.00 42.00 OK
r-release-osx-x86_64 0.1 NOTE
r-oldrel-windows-ix86+x86_64 0.1 2.00 27.00 29.00 OK
r-oldrel-osx-x86_64 0.1 NOTE

Check Details

Version: 0.1
Check: dependencies in R code
Result: NOTE
    Namespace in Imports field not imported from: ‘spanel’
     All declared Imports should be used.
Flavors: r-devel-linux-x86_64-fedora-clang, r-devel-linux-x86_64-fedora-gcc, r-patched-solaris-x86, r-release-osx-x86_64, r-oldrel-osx-x86_64