CRAN Package Check Results for Package S7

Last updated on 2024-02-27 08:55:29 CET.

Flavor Version Tinstall Tcheck Ttotal Status Flags
r-devel-linux-x86_64-debian-clang 0.1.1 4.70 104.73 109.43 OK
r-devel-linux-x86_64-debian-gcc 0.1.1 3.95 78.87 82.82 OK
r-devel-linux-x86_64-fedora-clang 0.1.1 127.91 OK
r-devel-linux-x86_64-fedora-gcc 0.1.1 138.94 OK
r-devel-windows-x86_64 0.1.1 7.00 116.00 123.00 OK
r-patched-linux-x86_64 0.1.1 6.99 103.58 110.57 WARN
r-release-linux-x86_64 0.1.1 5.43 102.77 108.20 WARN
r-release-macos-arm64 0.1.1 71.00 OK
r-release-macos-x86_64 0.1.1 162.00 OK
r-release-windows-x86_64 0.1.1 9.00 133.00 142.00 WARN
r-oldrel-macos-arm64 0.1.1 61.00 OK
r-oldrel-windows-x86_64 0.1.1 11.00 141.00 152.00 OK

Check Details

Version: 0.1.1
Check: S3 generic/method consistency
Result: WARN matrixOps: function(x, y) matrixOps.S7_object: function(e1, e2) See section ‘Generic functions and methods’ in the ‘Writing R Extensions’ manual. Flavors: r-patched-linux-x86_64, r-release-linux-x86_64, r-release-windows-x86_64