CRAN Package Check Results for Package SACOBRA

Last updated on 2022-12-09 23:52:19 CET.

Flavor Version Tinstall Tcheck Ttotal Status Flags
r-devel-linux-x86_64-debian-clang 1.2 13.22 111.37 124.59 OK
r-devel-linux-x86_64-debian-gcc 1.2 8.44 88.38 96.82 OK
r-devel-linux-x86_64-fedora-clang 1.2 139.81 NOTE
r-devel-linux-x86_64-fedora-gcc 1.2 136.40 NOTE
r-devel-windows-x86_64 1.2 38.00 187.00 225.00 OK
r-patched-linux-x86_64 1.2 11.03 84.27 95.30 OK
r-release-linux-x86_64 1.2 12.90 82.93 95.83 OK
r-release-macos-arm64 1.2 46.00 NOTE
r-release-macos-x86_64 1.2 43.00 NOTE
r-release-windows-x86_64 1.2 33.00 116.00 149.00 OK
r-oldrel-macos-arm64 1.2 41.00 NOTE
r-oldrel-macos-x86_64 1.2 62.00 NOTE
r-oldrel-windows-ix86+x86_64 1.2 18.00 114.00 132.00 OK

Check Details

Version: 1.2
Check: dependencies in R code
Result: NOTE
    Namespaces in Imports field not imported from:
     ‘R6’ ‘mgcv’
     All declared Imports should be used.
Flavors: r-devel-linux-x86_64-fedora-clang, r-devel-linux-x86_64-fedora-gcc, r-release-macos-arm64, r-release-macos-x86_64, r-oldrel-macos-arm64, r-oldrel-macos-x86_64