CRAN Package Check Results for Package SADEG

Last updated on 2024-02-29 21:56:33 CET.

Flavor Version Tinstall Tcheck Ttotal Status Flags
r-devel-linux-x86_64-debian-clang 1.0.0 2.63 22.44 25.07 NOTE
r-devel-linux-x86_64-debian-gcc 1.0.0 1.84 17.65 19.49 NOTE
r-devel-linux-x86_64-fedora-clang 1.0.0 33.03 NOTE
r-devel-linux-x86_64-fedora-gcc 1.0.0 30.69 NOTE
r-devel-windows-x86_64 1.0.0 3.00 38.00 41.00 NOTE
r-patched-linux-x86_64 1.0.0 2.72 22.44 25.16 NOTE
r-release-linux-x86_64 1.0.0 2.58 22.03 24.61 NOTE
r-release-macos-arm64 1.0.0 14.00 NOTE
r-release-macos-x86_64 1.0.0 19.00 NOTE
r-release-windows-x86_64 1.0.0 5.00 37.00 42.00 NOTE
r-oldrel-macos-arm64 1.0.0 13.00 NOTE
r-oldrel-windows-x86_64 1.0.0 7.00 43.00 50.00 NOTE

Check Details

Version: 1.0.0
Check: LazyData
Result: NOTE 'LazyData' is specified without a 'data' directory Flavors: r-devel-linux-x86_64-debian-clang, r-devel-linux-x86_64-debian-gcc, r-devel-linux-x86_64-fedora-clang, r-devel-linux-x86_64-fedora-gcc, r-devel-windows-x86_64, r-patched-linux-x86_64, r-release-linux-x86_64, r-release-macos-arm64, r-release-macos-x86_64, r-release-windows-x86_64, r-oldrel-macos-arm64, r-oldrel-windows-x86_64