CRAN Package Check Results for Package SALES

Last updated on 2022-06-25 12:54:34 CEST.

Flavor Version Tinstall Tcheck Ttotal Status Flags
r-devel-linux-x86_64-debian-clang 1.0.0 10.47 75.62 86.09 OK
r-devel-linux-x86_64-debian-gcc 1.0.0 8.67 58.19 66.86 OK
r-devel-linux-x86_64-fedora-clang 1.0.0 114.08 NOTE
r-devel-linux-x86_64-fedora-gcc 1.0.0 112.95 NOTE
r-devel-windows-x86_64 1.0.0 27.00 101.00 128.00 OK
r-patched-linux-x86_64 1.0.0 11.94 71.78 83.72 OK
r-release-linux-x86_64 1.0.0 11.16 73.99 85.15 OK
r-release-macos-arm64 1.0.0 35.00 OK
r-release-macos-x86_64 1.0.0 46.00 OK
r-release-windows-x86_64 1.0.0 27.00 100.00 127.00 OK
r-oldrel-macos-arm64 1.0.0 44.00 OK
r-oldrel-macos-x86_64 1.0.0 95.00 OK
r-oldrel-windows-ix86+x86_64 1.0.0 25.00 124.00 149.00 OK

Check Details

Version: 1.0.0
Check: compiled code
Result: NOTE
    File ‘SALES/libs/SALES.so’:
     Found no calls to: ‘R_registerRoutines’, ‘R_useDynamicSymbols’
    
    It is good practice to register native routines and to disable symbol
    search.
    
    See ‘Writing portable packages’ in the ‘Writing R Extensions’ manual.
Flavors: r-devel-linux-x86_64-fedora-clang, r-devel-linux-x86_64-fedora-gcc