CRAN Package Check Results for Package SAMM

Last updated on 2019-02-20 20:47:08 CET.

Flavor Version Tinstall Tcheck Ttotal Status Flags
r-devel-linux-x86_64-debian-clang 1.1.1 88.36 23.49 111.85 OK
r-devel-linux-x86_64-debian-gcc 1.1.1 81.12 19.16 100.28 OK
r-devel-linux-x86_64-fedora-clang 1.1.1 180.58 NOTE
r-devel-linux-x86_64-fedora-gcc 1.1.1 154.49 OK
r-devel-windows-ix86+x86_64 1.1.1 195.00 58.00 253.00 OK
r-patched-linux-x86_64 1.1.1 OK
r-patched-solaris-x86 1.1.1 156.70 OK
r-release-linux-x86_64 1.1.1 OK
r-release-windows-ix86+x86_64 1.1.1 141.00 75.00 216.00 OK
r-release-osx-x86_64 1.1.1 NOTE
r-oldrel-windows-ix86+x86_64 1.1.1 159.00 72.00 231.00 OK
r-oldrel-osx-x86_64 1.1.1 NOTE

Check Details

Version: 1.1.1
Check: installed package size
Result: NOTE
     installed size is 12.8Mb
     sub-directories of 1Mb or more:
     libs 12.7Mb
Flavors: r-devel-linux-x86_64-fedora-clang, r-release-osx-x86_64, r-oldrel-osx-x86_64