CRAN Package Check Results for Package SAMM

Last updated on 2020-11-30 16:49:26 CET.

Flavor Version Tinstall Tcheck Ttotal Status Flags
r-devel-linux-x86_64-debian-clang 1.1.1 144.73 27.35 172.08 OK
r-devel-linux-x86_64-debian-gcc 1.1.1 190.81 23.58 214.39 OK
r-devel-linux-x86_64-fedora-clang 1.1.1 191.87 NOTE
r-devel-linux-x86_64-fedora-gcc 1.1.1 200.72 OK
r-devel-windows-ix86+x86_64 1.1.1 235.00 75.00 310.00 OK
r-patched-linux-x86_64 1.1.1 273.99 28.38 302.37 OK
r-patched-solaris-x86 1.1.1 177.40 OK
r-release-linux-x86_64 1.1.1 275.63 27.41 303.04 OK
r-release-macos-x86_64 1.1.1 NOTE
r-release-windows-ix86+x86_64 1.1.1 243.00 60.00 303.00 OK
r-oldrel-macos-x86_64 1.1.1 NOTE
r-oldrel-windows-ix86+x86_64 1.1.1 163.00 70.00 233.00 OK

Check Details

Version: 1.1.1
Check: installed package size
Result: NOTE
     installed size is 15.8Mb
     sub-directories of 1Mb or more:
     libs 15.7Mb
Flavors: r-devel-linux-x86_64-fedora-clang, r-release-macos-x86_64, r-oldrel-macos-x86_64