CRAN Package Check Results for Package SAMURAI

Last updated on 2021-12-08 16:50:48 CET.

Flavor Version Tinstall Tcheck Ttotal Status Flags
r-devel-linux-x86_64-debian-clang 1.2.1 8.11 79.52 87.63 NOTE
r-devel-linux-x86_64-debian-gcc 1.2.1 5.18 61.97 67.15 NOTE
r-devel-linux-x86_64-fedora-clang 1.2.1 109.93 NOTE
r-devel-linux-x86_64-fedora-gcc 1.2.1 97.79 NOTE
r-devel-windows-x86_64-new-UL 1.2.1 13.00 108.00 121.00 NOTE
r-devel-windows-x86_64-new-TK 1.2.1 NOTE
r-devel-windows-x86_64-old 1.2.1 11.00 99.00 110.00 NOTE
r-patched-linux-x86_64 1.2.1 6.86 76.67 83.53 NOTE
r-release-linux-x86_64 1.2.1 8.12 77.45 85.57 NOTE
r-release-macos-arm64 1.2.1 NOTE
r-release-macos-x86_64 1.2.1 NOTE
r-release-windows-ix86+x86_64 1.2.1 13.00 94.00 107.00 NOTE
r-oldrel-macos-x86_64 1.2.1 NOTE
r-oldrel-windows-ix86+x86_64 1.2.1 16.00 95.00 111.00 NOTE

Check Details

Version: 1.2.1
Check: R code for possible problems
Result: NOTE
    GraphBinaryForestPlot: no visible global function definition for
     'abline'
    GraphBinaryForestPlot: no visible global function definition for 'text'
    GraphContinuousForestPlot: no visible global function definition for
     'abline'
    GraphContinuousForestPlot: no visible global function definition for
     'text'
    ImputeBinaryEvents: no visible global function definition for 'rbinom'
    ImputeSMD: no visible global function definition for 'rnorm'
    funnelplot: no visible global function definition for 'abline'
    Undefined global functions or variables:
     abline rbinom rnorm text
    Consider adding
     importFrom("graphics", "abline", "text")
     importFrom("stats", "rbinom", "rnorm")
    to your NAMESPACE file.
Flavors: r-devel-linux-x86_64-debian-clang, r-devel-linux-x86_64-debian-gcc, r-devel-linux-x86_64-fedora-clang, r-devel-linux-x86_64-fedora-gcc, r-devel-windows-x86_64-new-UL, r-devel-windows-x86_64-new-TK, r-devel-windows-x86_64-old, r-patched-linux-x86_64, r-release-linux-x86_64, r-release-macos-arm64, r-release-macos-x86_64, r-release-windows-ix86+x86_64, r-oldrel-macos-x86_64, r-oldrel-windows-ix86+x86_64