CRAN Package Check Results for Package SAMprior

Last updated on 2024-02-26 01:50:06 CET.

Flavor Version Tinstall Tcheck Ttotal Status Flags
r-devel-linux-x86_64-debian-clang 1.1.1 29.42 542.54 571.96 OK
r-devel-linux-x86_64-debian-gcc 1.1.1 21.33 390.19 411.52 OK
r-devel-linux-x86_64-fedora-clang 1.1.1 712.36 OK
r-devel-linux-x86_64-fedora-gcc 1.1.1 699.99 OK
r-devel-windows-x86_64 1.1.1 16.00 344.00 360.00 OK
r-patched-linux-x86_64 1.1.1 28.87 531.50 560.37 OK
r-release-linux-x86_64 1.1.1 0.51 1.93 2.44 ERROR
r-release-macos-arm64 1.1.1 176.00 OK
r-release-macos-x86_64 1.1.1 381.00 OK
r-release-windows-x86_64 1.1.1 19.00 481.00 500.00 OK
r-oldrel-macos-arm64 1.1.1 148.00 OK
r-oldrel-windows-x86_64 1.1.1 22.00 482.00 504.00 OK

Check Details

Version: 1.1.1
Check: package dependencies
Result: ERROR Package required but not available: ‘RBesT’ See section ‘The DESCRIPTION file’ in the ‘Writing R Extensions’ manual. Flavor: r-release-linux-x86_64