CRAN Package Check Results for Package SAMtool

Last updated on 2021-09-26 14:49:20 CEST.

Flavor Version Tinstall Tcheck Ttotal Status Flags
r-devel-linux-x86_64-debian-clang 1.2.2 156.72 196.80 353.52 OK
r-devel-linux-x86_64-debian-gcc 1.2.2 158.28 143.09 301.37 OK
r-devel-linux-x86_64-fedora-clang 1.2.2 508.22 NOTE
r-devel-linux-x86_64-fedora-gcc 1.2.2 484.95 OK
r-devel-windows-x86_64 1.2.2 115.00 179.00 294.00 NOTE
r-devel-windows-x86_64-gcc10-UCRT 1.2.2 OK
r-patched-linux-x86_64 1.2.2 160.91 185.62 346.53 OK
r-patched-solaris-x86 1.2.2 463.50 OK
r-release-linux-x86_64 1.2.2 151.20 184.17 335.37 OK
r-release-macos-arm64 1.2.2 NOTE
r-release-macos-x86_64 1.2.2 NOTE
r-release-windows-ix86+x86_64 1.2.2 201.00 259.00 460.00 NOTE
r-oldrel-macos-x86_64 1.2.2 NOTE
r-oldrel-windows-ix86+x86_64 1.2.2 199.00 253.00 452.00 NOTE

Check Details

Version: 1.2.2
Check: installed package size
Result: NOTE
     installed size is 26.7Mb
     sub-directories of 1Mb or more:
     R 1.2Mb
     libs 24.3Mb
Flavors: r-devel-linux-x86_64-fedora-clang, r-devel-windows-x86_64, r-release-macos-arm64, r-release-macos-x86_64, r-release-windows-ix86+x86_64, r-oldrel-macos-x86_64, r-oldrel-windows-ix86+x86_64