CRAN Package Check Results for Package SANvi

Last updated on 2024-04-13 10:48:43 CEST.

Flavor Version Tinstall Tcheck Ttotal Status Flags
r-devel-linux-x86_64-debian-clang 0.1.0 189.46 44.18 233.64 WARN
r-devel-linux-x86_64-debian-gcc 0.1.0 134.39 32.32 166.71 OK
r-devel-linux-x86_64-fedora-clang 0.1.0 331.21 OK
r-devel-linux-x86_64-fedora-gcc 0.1.0 318.69 OK
r-devel-windows-x86_64 0.1.0 131.00 77.00 208.00 OK
r-patched-linux-x86_64 0.1.0 170.68 40.50 211.18 OK
r-release-linux-x86_64 0.1.0 171.55 42.52 214.07 OK
r-release-macos-arm64 0.1.0 66.00 NOTE
r-release-macos-x86_64 0.1.0 84.00 NOTE
r-release-windows-x86_64 0.1.0 166.00 82.00 248.00 OK
r-oldrel-macos-arm64 0.1.0 60.00 NOTE
r-oldrel-windows-x86_64 0.1.0 158.00 87.00 245.00 OK

Check Details

Version: 0.1.0
Check: whether package can be installed
Result: WARN Found the following significant warnings: F_MAIN_CAM.cpp:159:10: warning: using integer absolute value function 'abs' when argument is of floating point type [-Wabsolute-value] F_MAIN_CAM_Concentration.cpp:194:10: warning: using integer absolute value function 'abs' when argument is of floating point type [-Wabsolute-value] F_MAIN_fSAN.cpp:141:10: warning: using integer absolute value function 'abs' when argument is of floating point type [-Wabsolute-value] F_MAIN_fiSAN.cpp:143:10: warning: using integer absolute value function 'abs' when argument is of floating point type [-Wabsolute-value] F_MAIN_fiSAN_Concentration.cpp:184:10: warning: using integer absolute value function 'abs' when argument is of floating point type [-Wabsolute-value] See ‘/home/hornik/tmp/R.check/r-devel-clang/Work/PKGS/SANvi.Rcheck/00install.out’ for details. * used C++ compiler: ‘Debian clang version 18.1.0 (rc4-1)’ Flavor: r-devel-linux-x86_64-debian-clang

Version: 0.1.0
Check: installed package size
Result: NOTE installed size is 6.1Mb sub-directories of 1Mb or more: libs 5.6Mb Flavors: r-release-macos-arm64, r-release-macos-x86_64, r-oldrel-macos-arm64