CRAN Package Check Results for Package SAR

Last updated on 2022-11-28 05:52:35 CET.

Flavor Version Tinstall Tcheck Ttotal Status Flags
r-devel-linux-x86_64-debian-clang 1.0.3 80.31 107.33 187.64 NOTE
r-devel-linux-x86_64-debian-gcc 1.0.3 61.58 78.27 139.85 NOTE
r-devel-linux-x86_64-fedora-clang 1.0.3 259.62 NOTE
r-devel-linux-x86_64-fedora-gcc 1.0.3 253.99 NOTE
r-devel-windows-x86_64 1.0.3 73.00 153.00 226.00 NOTE
r-patched-linux-x86_64 1.0.3 57.75 95.83 153.58 NOTE
r-release-linux-x86_64 1.0.3 48.87 96.79 145.66 NOTE
r-release-macos-arm64 1.0.3 61.00 NOTE
r-release-macos-x86_64 1.0.3 104.00 NOTE
r-release-windows-x86_64 1.0.3 78.00 153.00 231.00 NOTE
r-oldrel-macos-arm64 1.0.3 71.00 NOTE
r-oldrel-macos-x86_64 1.0.3 118.00 NOTE
r-oldrel-windows-ix86+x86_64 1.0.3 186.00 169.00 355.00 NOTE

Check Details

Version: 1.0.3
Check: for GNU extensions in Makefiles
Result: NOTE
    GNU make is a SystemRequirements.
Flavors: r-devel-linux-x86_64-debian-clang, r-devel-linux-x86_64-debian-gcc, r-devel-linux-x86_64-fedora-clang, r-devel-linux-x86_64-fedora-gcc, r-devel-windows-x86_64, r-patched-linux-x86_64, r-release-linux-x86_64, r-release-macos-arm64, r-release-macos-x86_64, r-release-windows-x86_64, r-oldrel-macos-arm64, r-oldrel-macos-x86_64, r-oldrel-windows-ix86+x86_64

Version: 1.0.3
Check: dependencies in R code
Result: NOTE
    Namespaces in Imports field not imported from:
     ‘httr’ ‘jsonlite’
     All declared Imports should be used.
Flavors: r-devel-linux-x86_64-fedora-clang, r-devel-linux-x86_64-fedora-gcc, r-release-macos-arm64, r-release-macos-x86_64, r-oldrel-macos-arm64, r-oldrel-macos-x86_64