CRAN Package Check Results for Package SARP.moodle

Last updated on 2019-10-14 07:49:31 CEST.

Flavor Version Tinstall Tcheck Ttotal Status Flags
r-devel-linux-x86_64-debian-clang 0.3.10 2.95 21.16 24.11 NOTE
r-devel-linux-x86_64-debian-gcc 0.3.10 2.35 17.32 19.67 NOTE
r-devel-linux-x86_64-fedora-clang 0.3.10 30.98 NOTE
r-devel-linux-x86_64-fedora-gcc 0.3.10 29.04 NOTE
r-devel-windows-ix86+x86_64 0.3.10 8.00 34.00 42.00 OK
r-patched-linux-x86_64 0.3.10 2.32 21.26 23.58 OK
r-patched-solaris-x86 0.3.10 44.30 OK
r-release-linux-x86_64 0.3.10 1.95 21.40 23.35 OK
r-release-windows-ix86+x86_64 0.3.10 6.00 41.00 47.00 OK
r-release-osx-x86_64 0.3.10 OK
r-oldrel-windows-ix86+x86_64 0.3.10 3.00 39.00 42.00 OK
r-oldrel-osx-x86_64 0.3.10 OK

Check Details

Version: 0.3.10
Check: for non-standard things in the check directory
Result: NOTE
    Found the following files/directories:
     'exemple.QCM.xml' 'exemple.VF.xml' 'exemple.affichages.xml'
     'exemple.categorie.xml' 'exemple.image.xml' 'exemple.libre.xml'
     'exemple.numerique.xml' 'exemple.ouverte.xml' 'exemple.qroc.xml'
     'exemple.question.xml' 'exemple.xml'
Flavors: r-devel-linux-x86_64-debian-clang, r-devel-linux-x86_64-debian-gcc, r-devel-linux-x86_64-fedora-clang, r-devel-linux-x86_64-fedora-gcc