CRAN Package Check Results for Package SARP.moodle

Last updated on 2020-02-21 01:46:48 CET.

Flavor Version Tinstall Tcheck Ttotal Status Flags
r-devel-linux-x86_64-debian-clang 0.3.10 3.01 23.29 26.30 NOTE
r-devel-linux-x86_64-debian-gcc 0.3.10 2.45 18.47 20.92 NOTE
r-devel-linux-x86_64-fedora-clang 0.3.10 31.92 NOTE
r-devel-linux-x86_64-fedora-gcc 0.3.10 31.28 NOTE
r-devel-windows-ix86+x86_64 0.3.10 7.00 36.00 43.00 OK
r-devel-windows-ix86+x86_64-gcc8 0.3.10 9.00 49.00 58.00 OK
r-patched-linux-x86_64 0.3.10 2.61 21.23 23.84 OK
r-patched-solaris-x86 0.3.10 43.40 OK
r-release-linux-x86_64 0.3.10 2.46 21.33 23.79 OK
r-release-windows-ix86+x86_64 0.3.10 6.00 41.00 47.00 OK
r-release-osx-x86_64 0.3.10 OK
r-oldrel-windows-ix86+x86_64 0.3.10 3.00 39.00 42.00 OK
r-oldrel-osx-x86_64 0.3.10 OK

Check Details

Version: 0.3.10
Check: for non-standard things in the check directory
Result: NOTE
    Found the following files/directories:
     'exemple.QCM.xml' 'exemple.VF.xml' 'exemple.affichages.xml'
     'exemple.categorie.xml' 'exemple.image.xml' 'exemple.libre.xml'
     'exemple.numerique.xml' 'exemple.ouverte.xml' 'exemple.qroc.xml'
     'exemple.question.xml' 'exemple.xml'
Flavors: r-devel-linux-x86_64-debian-clang, r-devel-linux-x86_64-debian-gcc, r-devel-linux-x86_64-fedora-clang, r-devel-linux-x86_64-fedora-gcc