CRAN Package Check Results for Package SAVER

Last updated on 2022-05-19 17:51:36 CEST.

Flavor Version Tinstall Tcheck Ttotal Status Flags
r-devel-linux-x86_64-debian-clang 1.1.2 8.50 54.83 63.33 OK
r-devel-linux-x86_64-debian-gcc 1.1.2 7.17 41.91 49.08 OK
r-devel-linux-x86_64-fedora-clang 1.1.2 77.30 NOTE
r-devel-linux-x86_64-fedora-gcc 1.1.2 76.99 NOTE
r-devel-windows-x86_64 1.1.2 20.00 81.00 101.00 OK
r-patched-linux-x86_64 1.1.2 8.00 52.36 60.36 OK
r-release-linux-x86_64 1.1.2 7.11 52.40 59.51 OK
r-release-macos-arm64 1.1.2 26.00 NOTE
r-release-macos-x86_64 1.1.2 35.00 NOTE
r-release-windows-x86_64 1.1.2 22.00 81.00 103.00 OK
r-oldrel-macos-arm64 1.1.2 36.00 NOTE
r-oldrel-macos-x86_64 1.1.2 48.00 NOTE
r-oldrel-windows-ix86+x86_64 1.1.2 15.00 66.00 81.00 OK

Check Details

Version: 1.1.2
Check: dependencies in R code
Result: NOTE
    Namespace in Imports field not imported from: ‘methods’
     All declared Imports should be used.
Flavors: r-devel-linux-x86_64-fedora-clang, r-devel-linux-x86_64-fedora-gcc, r-release-macos-arm64, r-release-macos-x86_64, r-oldrel-macos-arm64, r-oldrel-macos-x86_64