Last updated on 2023-03-30 22:55:12 CEST.
Flavor | Version | Tinstall | Tcheck | Ttotal | Status | Flags |
---|---|---|---|---|---|---|
r-devel-linux-x86_64-debian-clang | 0.1.1 | 40.06 | 82.66 | 122.72 | NOTE | |
r-devel-linux-x86_64-debian-gcc | 0.1.1 | 30.52 | 64.87 | 95.39 | NOTE | |
r-devel-linux-x86_64-fedora-clang | 0.1.1 | 160.90 | NOTE | |||
r-devel-linux-x86_64-fedora-gcc | 0.1.1 | 170.44 | NOTE | |||
r-devel-windows-x86_64 | 0.1.1 | 39.00 | 0.00 | 39.00 | NOTE | |
r-patched-linux-x86_64 | 0.1.1 | 29.77 | 78.63 | 108.40 | NOTE | |
r-release-linux-x86_64 | 0.1.1 | 34.08 | 77.59 | 111.67 | OK | |
r-release-macos-arm64 | 0.1.1 | 38.00 | OK | |||
r-release-macos-x86_64 | 0.1.1 | 56.00 | OK | |||
r-release-windows-x86_64 | 0.1.1 | 37.00 | 128.00 | 165.00 | OK | |
r-oldrel-macos-arm64 | 0.1.1 | 45.00 | OK | |||
r-oldrel-macos-x86_64 | 0.1.1 | 58.00 | OK | |||
r-oldrel-windows-ix86+x86_64 | 0.1.1 | 92.00 | 136.00 | 228.00 | OK |
Version: 0.1.1
Check: C++ specification
Result: NOTE
Specified C++11: please drop specification unless essential
Flavors: r-devel-linux-x86_64-debian-clang, r-devel-linux-x86_64-debian-gcc, r-devel-linux-x86_64-fedora-clang, r-devel-linux-x86_64-fedora-gcc, r-devel-windows-x86_64, r-patched-linux-x86_64