CRAN Package Check Results for Package SBmedian

Last updated on 2023-12-09 02:48:49 CET.

Flavor Version Tinstall Tcheck Ttotal Status Flags
r-devel-linux-x86_64-debian-clang 0.1.1 40.40 79.35 119.75 NOTE
r-devel-linux-x86_64-debian-gcc 0.1.1 29.29 61.10 90.39 NOTE
r-devel-linux-x86_64-fedora-clang 0.1.1 156.67 NOTE
r-devel-linux-x86_64-fedora-gcc 0.1.1 160.43 NOTE
r-devel-windows-x86_64 0.1.1 31.00 95.00 126.00 NOTE
r-patched-linux-x86_64 0.1.1 32.23 78.79 111.02 NOTE
r-release-linux-x86_64 0.1.1 34.07 76.33 110.40 NOTE
r-release-macos-arm64 0.1.1 48.00 NOTE
r-release-macos-x86_64 0.1.1 73.00 NOTE
r-release-windows-x86_64 0.1.1 39.00 109.00 148.00 NOTE
r-oldrel-macos-arm64 0.1.1 38.00 OK
r-oldrel-macos-x86_64 0.1.1 56.00 OK
r-oldrel-windows-x86_64 0.1.1 38.00 104.00 142.00 OK

Check Details

Version: 0.1.1
Check: C++ specification
Result: NOTE Specified C++11: please drop specification unless essential Flavors: r-devel-linux-x86_64-debian-clang, r-devel-linux-x86_64-debian-gcc, r-devel-linux-x86_64-fedora-clang, r-devel-linux-x86_64-fedora-gcc, r-devel-windows-x86_64, r-patched-linux-x86_64, r-release-linux-x86_64, r-release-macos-arm64, r-release-macos-x86_64, r-release-windows-x86_64