CRAN Package Check Results for Package SC2API

Last updated on 2023-09-25 19:04:02 CEST.

Flavor Version Tinstall Tcheck Ttotal Status Flags
r-devel-linux-x86_64-debian-clang 1.0.0 2.97 45.80 48.77 NOTE
r-devel-linux-x86_64-debian-gcc 1.0.0 2.63 34.57 37.20 NOTE
r-devel-linux-x86_64-fedora-clang 1.0.0 61.18 NOTE
r-devel-linux-x86_64-fedora-gcc 1.0.0 74.46 NOTE
r-devel-windows-x86_64 1.0.0 6.00 67.00 73.00 NOTE
r-patched-linux-x86_64 1.0.0 3.97 42.81 46.78 NOTE
r-release-linux-x86_64 1.0.0 3.09 42.82 45.91 NOTE
r-release-macos-arm64 1.0.0 31.00 NOTE
r-release-macos-x86_64 1.0.0 40.00 NOTE
r-release-windows-x86_64 1.0.0 5.00 69.00 74.00 NOTE
r-oldrel-macos-arm64 1.0.0 28.00 NOTE
r-oldrel-macos-x86_64 1.0.0 32.00 NOTE
r-oldrel-windows-x86_64 1.0.0 5.00 66.00 71.00 NOTE

Check Details

Version: 1.0.0
Check: LazyData
Result: NOTE
     'LazyData' is specified without a 'data' directory
Flavors: r-devel-linux-x86_64-debian-clang, r-devel-linux-x86_64-debian-gcc, r-devel-linux-x86_64-fedora-clang, r-devel-linux-x86_64-fedora-gcc, r-devel-windows-x86_64, r-patched-linux-x86_64, r-release-linux-x86_64, r-release-macos-arm64, r-release-macos-x86_64, r-release-windows-x86_64, r-oldrel-macos-arm64, r-oldrel-macos-x86_64, r-oldrel-windows-x86_64