CRAN Package Check Results for Package SCCS

Last updated on 2024-02-21 15:50:58 CET.

Flavor Version Tinstall Tcheck Ttotal Status Flags
r-devel-linux-x86_64-debian-clang 1.6 WARN
r-devel-linux-x86_64-debian-gcc 1.6 17.98 100.26 118.24 WARN
r-devel-linux-x86_64-fedora-clang 1.6 198.68 WARN
r-devel-linux-x86_64-fedora-gcc 1.6 189.51 WARN
r-devel-windows-x86_64 1.6 19.00 113.00 132.00 WARN
r-patched-linux-x86_64 1.6 20.39 135.55 155.94 OK
r-release-linux-x86_64 1.6 18.58 135.09 153.67 OK
r-release-macos-arm64 1.6 56.00 OK
r-release-macos-x86_64 1.6 90.00 OK
r-release-windows-x86_64 1.6 27.00 138.00 165.00 OK
r-oldrel-macos-arm64 1.6 56.00 OK
r-oldrel-windows-x86_64 1.6 26.00 136.00 162.00 OK

Check Details

Version: 1.6
Check: examples
Result: WARN Found the following significant warnings: Warning in is.R() : 'is.R' is deprecated. Warning in is.R() : 'is.R' is deprecated. Warning in is.R() : 'is.R' is deprecated. Warning in is.R() : 'is.R' is deprecated. Deprecated functions may be defunct as soon as of the next release of R. See ?Deprecated. Examples with CPU (user + system) or elapsed time > 5s user system elapsed eventdepenexp 4.558 0.179 5.751 Flavor: r-devel-linux-x86_64-debian-clang

Version: 1.6
Check: examples
Result: WARN Found the following significant warnings: Warning in is.R() : 'is.R' is deprecated. Warning in is.R() : 'is.R' is deprecated. Warning in is.R() : 'is.R' is deprecated. Warning in is.R() : 'is.R' is deprecated. Deprecated functions may be defunct as soon as of the next release of R. See ?Deprecated. Examples with CPU (user + system) or elapsed time > 5s user system elapsed eventdepenexp 3.604 0.091 6.35 Flavor: r-devel-linux-x86_64-debian-gcc

Version: 1.6
Check: examples
Result: WARN Found the following significant warnings: Warning in is.R() : 'is.R' is deprecated. Warning in is.R() : 'is.R' is deprecated. Warning in is.R() : 'is.R' is deprecated. Warning in is.R() : 'is.R' is deprecated. Deprecated functions may be defunct as soon as of the next release of R. See ?Deprecated. Flavors: r-devel-linux-x86_64-fedora-clang, r-devel-linux-x86_64-fedora-gcc, r-devel-windows-x86_64