CRAN Package Check Results for Package SCEM

Last updated on 2022-01-21 19:48:49 CET.

Flavor Version Tinstall Tcheck Ttotal Status Flags
r-devel-linux-x86_64-debian-clang 1.1.0 2.63 256.74 259.37 OK
r-devel-linux-x86_64-debian-gcc 1.1.0 1.66 176.55 178.21 OK
r-devel-linux-x86_64-fedora-clang 1.1.0 292.52 NOTE
r-devel-linux-x86_64-fedora-gcc 1.1.0 284.96 NOTE
r-devel-windows-x86_64-new-UL 1.1.0 17.00 262.00 279.00 OK
r-devel-windows-x86_64-new-TK 1.1.0 NOTE
r-patched-linux-x86_64 1.1.0 2.60 247.38 249.98 OK
r-release-linux-x86_64 1.1.0 2.95 242.41 245.36 OK
r-release-macos-arm64 1.1.0 NOTE
r-release-macos-x86_64 1.1.0 NOTE
r-release-windows-ix86+x86_64 1.1.0 7.00 292.00 299.00 OK
r-oldrel-macos-x86_64 1.1.0 NOTE
r-oldrel-windows-ix86+x86_64 1.1.0 7.00 307.00 314.00 OK

Check Details

Version: 1.1.0
Check: dependencies in R code
Result: NOTE
    Namespaces in Imports field not imported from:
     ‘devtools’ ‘mathjaxr’
     All declared Imports should be used.
Flavors: r-devel-linux-x86_64-fedora-clang, r-devel-linux-x86_64-fedora-gcc, r-devel-windows-x86_64-new-TK, r-release-macos-arm64, r-release-macos-x86_64, r-oldrel-macos-x86_64