Last updated on 2023-11-28 15:49:50 CET.
Flavor | Version | Tinstall | Tcheck | Ttotal | Status | Flags |
---|---|---|---|---|---|---|
r-devel-linux-x86_64-debian-clang | 1.1.0 | 3.36 | 252.47 | 255.83 | OK | |
r-devel-linux-x86_64-debian-gcc | 1.1.0 | 1.66 | 177.17 | 178.83 | OK | |
r-devel-linux-x86_64-fedora-clang | 1.1.0 | 298.60 | NOTE | |||
r-devel-linux-x86_64-fedora-gcc | 1.1.0 | 319.27 | NOTE | |||
r-devel-windows-x86_64 | 1.1.0 | 4.00 | 172.00 | 176.00 | OK | |
r-patched-linux-x86_64 | 1.1.0 | 3.10 | 239.59 | 242.69 | OK | |
r-release-linux-x86_64 | 1.1.0 | 1.91 | 240.62 | 242.53 | OK | |
r-release-macos-arm64 | 1.1.0 | 86.00 | OK | |||
r-release-macos-x86_64 | 1.1.0 | 169.00 | OK | |||
r-release-windows-x86_64 | 1.1.0 | 6.00 | 234.00 | 240.00 | OK | |
r-oldrel-macos-arm64 | 1.1.0 | 77.00 | NOTE | |||
r-oldrel-macos-x86_64 | 1.1.0 | 116.00 | NOTE | |||
r-oldrel-windows-x86_64 | 1.1.0 | 5.00 | 238.00 | 243.00 | OK |
Version: 1.1.0
Check: dependencies in R code
Result: NOTE
Namespaces in Imports field not imported from:
‘devtools’ ‘mathjaxr’
All declared Imports should be used.
Flavors: r-devel-linux-x86_64-fedora-clang, r-devel-linux-x86_64-fedora-gcc, r-oldrel-macos-arm64, r-oldrel-macos-x86_64