CRAN Package Check Results for Package SCEPtER

Last updated on 2024-07-17 17:54:23 CEST.

Flavor Version Tinstall Tcheck Ttotal Status Flags
r-devel-linux-x86_64-debian-clang 0.2-4 9.86 27.67 37.53 OK
r-devel-linux-x86_64-debian-gcc 0.2-4 9.38 21.83 31.21 OK
r-devel-linux-x86_64-fedora-clang 0.2-4 52.23 NOTE
r-devel-linux-x86_64-fedora-gcc 0.2-4 53.41 NOTE
r-devel-windows-x86_64 0.2-4 13.00 46.00 59.00 OK
r-patched-linux-x86_64 0.2-4 10.72 27.25 37.97 OK
r-release-linux-x86_64 0.2-4 10.54 26.91 37.45 OK
r-release-macos-arm64 0.2-4 22.00 OK
r-release-macos-x86_64 0.2-4 47.00 OK
r-release-windows-x86_64 0.2-4 12.00 46.00 58.00 OK
r-oldrel-macos-arm64 0.2-4 24.00 OK
r-oldrel-macos-x86_64 0.2-4 30.00 OK
r-oldrel-windows-x86_64 0.2-4 11.00 46.00 57.00 OK

Check Details

Version: 0.2-4
Check: compiled code
Result: NOTE File ‘SCEPtER/libs/SCEPtER.so’: Found no calls to: ‘R_registerRoutines’, ‘R_useDynamicSymbols’ It is good practice to register native routines and to disable symbol search. See ‘Writing portable packages’ in the ‘Writing R Extensions’ manual. Flavors: r-devel-linux-x86_64-fedora-clang, r-devel-linux-x86_64-fedora-gcc