Last updated on 2025-01-14 20:49:28 CET.
Flavor | Version | Tinstall | Tcheck | Ttotal | Status | Flags |
---|---|---|---|---|---|---|
r-devel-linux-x86_64-debian-clang | 0.2-4 | 10.27 | 21.95 | 32.22 | OK | |
r-devel-linux-x86_64-debian-gcc | 0.2-4 | 8.25 | 17.57 | 25.82 | OK | |
r-devel-linux-x86_64-fedora-clang | 0.2-4 | 52.70 | NOTE | |||
r-devel-linux-x86_64-fedora-gcc | 0.2-4 | 54.37 | NOTE | |||
r-devel-windows-x86_64 | 0.2-4 | 12.00 | 46.00 | 58.00 | OK | |
r-patched-linux-x86_64 | 0.2-4 | 9.97 | 21.05 | 31.02 | OK | |
r-release-linux-x86_64 | 0.2-4 | 9.70 | 21.43 | 31.13 | OK | |
r-release-macos-arm64 | 0.2-4 | 22.00 | OK | |||
r-release-macos-x86_64 | 0.2-4 | 47.00 | OK | |||
r-release-windows-x86_64 | 0.2-4 | 12.00 | 45.00 | 57.00 | OK | |
r-oldrel-macos-arm64 | 0.2-4 | 24.00 | OK | |||
r-oldrel-macos-x86_64 | 0.2-4 | 30.00 | OK | |||
r-oldrel-windows-x86_64 | 0.2-4 | 12.00 | 46.00 | 58.00 | OK |
Version: 0.2-4
Check: compiled code
Result: NOTE
File ‘SCEPtER/libs/SCEPtER.so’:
Found no calls to: ‘R_registerRoutines’, ‘R_useDynamicSymbols’
It is good practice to register native routines and to disable symbol
search.
See ‘Writing portable packages’ in the ‘Writing R Extensions’ manual.
Flavors: r-devel-linux-x86_64-fedora-clang, r-devel-linux-x86_64-fedora-gcc