CRAN Package Check Results for Package SCEPtER

Last updated on 2021-04-21 18:48:15 CEST.

Flavor Version Tinstall Tcheck Ttotal Status Flags
r-devel-linux-x86_64-debian-clang 0.2-4 10.87 26.23 37.10 OK
r-devel-linux-x86_64-debian-gcc 0.2-4 8.91 21.00 29.91 OK
r-devel-linux-x86_64-fedora-clang 0.2-4 56.89 NOTE
r-devel-linux-x86_64-fedora-gcc 0.2-4 45.76 NOTE
r-devel-windows-ix86+x86_64 0.2-4 18.00 53.00 71.00 OK
r-devel-windows-x86_64-gcc10-UCRT 0.2-4 OK
r-patched-linux-x86_64 0.2-4 10.59 25.46 36.05 OK
r-patched-solaris-x86 0.2-4 82.40 OK
r-release-linux-x86_64 0.2-4 9.64 25.59 35.23 OK
r-release-macos-x86_64 0.2-4 OK
r-release-windows-ix86+x86_64 0.2-4 18.00 57.00 75.00 OK
r-oldrel-macos-x86_64 0.2-4 OK
r-oldrel-windows-ix86+x86_64 0.2-4 15.00 52.00 67.00 OK

Check Details

Version: 0.2-4
Check: compiled code
Result: NOTE
    File ‘SCEPtER/libs/SCEPtER.so’:
     Found no calls to: ‘R_registerRoutines’, ‘R_useDynamicSymbols’
    
    It is good practice to register native routines and to disable symbol
    search.
    
    See ‘Writing portable packages’ in the ‘Writing R Extensions’ manual.
Flavors: r-devel-linux-x86_64-fedora-clang, r-devel-linux-x86_64-fedora-gcc