CRAN Package Check Results for Package SCEPtERbinary

Last updated on 2019-08-23 08:53:43 CEST.

Flavor Version Tinstall Tcheck Ttotal Status Flags
r-devel-linux-x86_64-debian-clang 0.1-1 2.92 20.41 23.33 OK
r-devel-linux-x86_64-debian-gcc 0.1-1 2.54 16.54 19.08 OK
r-devel-linux-x86_64-fedora-clang 0.1-1 30.09 NOTE
r-devel-linux-x86_64-fedora-gcc 0.1-1 28.21 NOTE
r-devel-windows-ix86+x86_64 0.1-1 15.00 61.00 76.00 OK
r-patched-linux-x86_64 0.1-1 2.56 20.21 22.77 OK
r-patched-solaris-x86 0.1-1 48.90 OK
r-release-linux-x86_64 0.1-1 2.71 20.35 23.06 OK
r-release-windows-ix86+x86_64 0.1-1 15.00 68.00 83.00 OK
r-release-osx-x86_64 0.1-1 OK
r-oldrel-windows-ix86+x86_64 0.1-1 9.00 57.00 66.00 OK
r-oldrel-osx-x86_64 0.1-1 OK

Check Details

Version: 0.1-1
Check: compiled code
Result: NOTE
    File ‘SCEPtERbinary/libs/SCEPtERbinary.so’:
     Found no calls to: ‘R_registerRoutines’, ‘R_useDynamicSymbols’
    
    It is good practice to register native routines and to disable symbol
    search.
    
    See ‘Writing portable packages’ in the ‘Writing R Extensions’ manual.
Flavors: r-devel-linux-x86_64-fedora-clang, r-devel-linux-x86_64-fedora-gcc