CRAN Package Check Results for Package SCEPtERbinary

Last updated on 2021-10-19 01:49:51 CEST.

Flavor Version Tinstall Tcheck Ttotal Status Flags
r-devel-linux-x86_64-debian-clang 0.1-1 3.08 25.05 28.13 OK
r-devel-linux-x86_64-debian-gcc 0.1-1 2.10 19.89 21.99 OK
r-devel-linux-x86_64-fedora-clang 0.1-1 44.45 NOTE
r-devel-linux-x86_64-fedora-gcc 0.1-1 33.74 NOTE
r-devel-windows-x86_64 0.1-1 5.00 43.00 48.00 OK
r-devel-windows-x86_64-gcc10-UCRT 0.1-1 OK
r-patched-linux-x86_64 0.1-1 3.01 24.53 27.54 OK
r-patched-solaris-x86 0.1-1 54.40 OK
r-release-linux-x86_64 0.1-1 2.98 24.26 27.24 OK
r-release-macos-arm64 0.1-1 OK
r-release-macos-x86_64 0.1-1 OK
r-release-windows-ix86+x86_64 0.1-1 6.00 51.00 57.00 OK
r-oldrel-macos-x86_64 0.1-1 OK
r-oldrel-windows-ix86+x86_64 0.1-1 9.00 58.00 67.00 OK

Check Details

Version: 0.1-1
Check: compiled code
Result: NOTE
    File ‘SCEPtERbinary/libs/SCEPtERbinary.so’:
     Found no calls to: ‘R_registerRoutines’, ‘R_useDynamicSymbols’
    
    It is good practice to register native routines and to disable symbol
    search.
    
    See ‘Writing portable packages’ in the ‘Writing R Extensions’ manual.
Flavors: r-devel-linux-x86_64-fedora-clang, r-devel-linux-x86_64-fedora-gcc