CRAN Package Check Results for Package SCGLR

Last updated on 2021-09-19 12:53:34 CEST.

Flavor Version Tinstall Tcheck Ttotal Status Flags
r-devel-linux-x86_64-debian-clang 3.0 11.39 97.06 108.45 OK
r-devel-linux-x86_64-debian-gcc 3.0 10.08 72.38 82.46 OK
r-devel-linux-x86_64-fedora-clang 3.0 140.41 OK
r-devel-linux-x86_64-fedora-gcc 3.0 129.78 OK
r-devel-windows-x86_64 3.0 14.00 120.00 134.00 OK --no-vignettes
r-devel-windows-x86_64-gcc10-UCRT 3.0 ERROR
r-patched-linux-x86_64 3.0 14.83 90.80 105.63 OK
r-patched-solaris-x86 3.0 191.00 OK --no-build-vignettes
r-release-linux-x86_64 3.0 11.69 90.57 102.26 OK
r-release-macos-arm64 3.0 OK
r-release-macos-x86_64 3.0 OK
r-release-windows-ix86+x86_64 3.0 27.00 79.00 106.00 OK --no-vignettes
r-oldrel-macos-x86_64 3.0 OK
r-oldrel-windows-ix86+x86_64 3.0 33.00 84.00 117.00 OK --no-vignettes

Check Details

Version: 3.0
Check: whether package can be installed
Result: WARN
    Found the following significant warnings:
     WARNING: installation-time patches will not be applied, could not get the patches index
Flavor: r-devel-windows-x86_64-gcc10-UCRT

Version: 3.0
Check: PDF version of manual
Result: WARN
    LaTeX errors when creating PDF version.
    This typically indicates Rd problems.
Flavor: r-devel-windows-x86_64-gcc10-UCRT

Version: 3.0
Check: PDF version of manual without hyperrefs or index
Result: ERROR
    Re-running with no redirection of stdout/stderr.
Flavor: r-devel-windows-x86_64-gcc10-UCRT