CRAN Package Check Results for Package SCI

Last updated on 2024-07-23 13:51:01 CEST.

Flavor Version Tinstall Tcheck Ttotal Status Flags
r-devel-linux-x86_64-debian-clang 1.0-2 8.07 83.55 91.62 OK
r-devel-linux-x86_64-debian-gcc 1.0-2 6.81 62.07 68.88 NOTE
r-devel-linux-x86_64-fedora-clang 1.0-2 112.94 OK
r-devel-linux-x86_64-fedora-gcc 1.0-2 105.80 OK
r-devel-windows-x86_64 1.0-2 8.00 80.00 88.00 NOTE
r-patched-linux-x86_64 1.0-2 12.49 78.59 91.08 OK
r-release-linux-x86_64 1.0-2 8.89 76.62 85.51 OK
r-release-macos-arm64 1.0-2 32.00 OK
r-release-macos-x86_64 1.0-2 49.00 OK
r-release-windows-x86_64 1.0-2 8.00 79.00 87.00 OK
r-oldrel-macos-arm64 1.0-2 37.00 OK
r-oldrel-macos-x86_64 1.0-2 58.00 OK
r-oldrel-windows-x86_64 1.0-2 10.00 92.00 102.00 OK

Check Details

Version: 1.0-2
Check: Rd cross-references
Result: NOTE Found the following Rd file(s) with Rd \link{} targets missing package anchors: fitSCI.Rd: mledist, fitdistrplus genlog.Rd: pdfglo, quaglo, cdfglo pe3.Rd: pdfpe3, quape3, cdfpe3 Please provide package anchors for all Rd \link{} targets not in the package itself and the base packages. Flavors: r-devel-linux-x86_64-debian-gcc, r-devel-windows-x86_64