CRAN Package Check Results for Package SCORPIUS

Last updated on 2019-06-20 13:47:06 CEST.

Flavor Version Tinstall Tcheck Ttotal Status Flags
r-devel-linux-x86_64-debian-clang 1.0.3 9.15 247.34 256.49 OK
r-devel-linux-x86_64-debian-gcc 1.0.3 8.90 195.26 204.16 OK
r-devel-linux-x86_64-fedora-clang 1.0.3 308.01 NOTE
r-devel-linux-x86_64-fedora-gcc 1.0.3 311.79 NOTE
r-devel-windows-ix86+x86_64 1.0.3 35.00 256.00 291.00 OK
r-patched-linux-x86_64 1.0.3 10.74 245.67 256.41 OK
r-patched-solaris-x86 1.0.3 712.00 NOTE
r-release-linux-x86_64 1.0.3 10.44 250.02 260.46 OK
r-release-windows-ix86+x86_64 1.0.3 37.00 262.00 299.00 OK
r-release-osx-x86_64 1.0.3 ERROR
r-oldrel-windows-ix86+x86_64 1.0.3 12.00 215.00 227.00 OK
r-oldrel-osx-x86_64 1.0.3 NOTE

Check Details

Version: 1.0.3
Check: dependencies in R code
Result: NOTE
    Namespace in Imports field not imported from: ‘reshape2’
     All declared Imports should be used.
Flavors: r-devel-linux-x86_64-fedora-clang, r-devel-linux-x86_64-fedora-gcc, r-patched-solaris-x86, r-oldrel-osx-x86_64

Version: 1.0.3
Check: package dependencies
Result: ERROR
    Package required but not available: ‘dyndimred’
    
    See section ‘The DESCRIPTION file’ in the ‘Writing R Extensions’
    manual.
Flavor: r-release-osx-x86_64