CRAN Package Check Results for Package SCORPIUS

Last updated on 2019-09-20 09:51:33 CEST.

Flavor Version Tinstall Tcheck Ttotal Status Flags
r-devel-linux-x86_64-debian-clang 1.0.4.1 10.15 239.48 249.63 OK
r-devel-linux-x86_64-debian-gcc 1.0.4.1 9.36 185.34 194.70 OK
r-devel-linux-x86_64-fedora-clang 1.0.4.1 307.63 OK
r-devel-linux-x86_64-fedora-gcc 1.0.4.1 308.43 OK
r-devel-windows-ix86+x86_64 1.0.4.1 39.00 273.00 312.00 OK
r-patched-linux-x86_64 1.0.4.1 10.00 240.81 250.81 OK
r-patched-solaris-x86 1.0.4.1 648.70 OK
r-release-linux-x86_64 1.0.4.1 11.26 247.38 258.64 OK
r-release-windows-ix86+x86_64 1.0.4.1 17.00 206.00 223.00 OK
r-release-osx-x86_64 1.0.4.1 ERROR
r-oldrel-windows-ix86+x86_64 1.0.4.1 13.00 198.00 211.00 OK
r-oldrel-osx-x86_64 1.0.4.1 OK

Check Details

Version: 1.0.4.1
Check: package dependencies
Result: ERROR
    Package required but not available: ‘dyndimred’
    
    See section ‘The DESCRIPTION file’ in the ‘Writing R Extensions’
    manual.
Flavor: r-release-osx-x86_64