CRAN Package Check Results for Package SCRIP

Last updated on 2024-02-24 12:49:30 CET.

Flavor Version Tinstall Tcheck Ttotal Status Flags
r-devel-linux-x86_64-debian-clang 1.0.0 61.48 609.75 671.23 OK
r-devel-linux-x86_64-debian-gcc 1.0.0 49.09 452.64 501.73 OK
r-devel-linux-x86_64-fedora-clang 1.0.0 861.26 NOTE
r-devel-linux-x86_64-fedora-gcc 1.0.0 834.11 NOTE
r-devel-windows-x86_64 1.0.0 51.00 408.00 459.00 OK
r-patched-linux-x86_64 1.0.0 42.75 592.52 635.27 OK
r-release-linux-x86_64 1.0.0 40.59 595.08 635.67 OK
r-release-macos-arm64 1.0.0 205.00 OK
r-release-macos-x86_64 1.0.0 368.00 OK
r-release-windows-x86_64 1.0.0 66.00 532.00 598.00 OK
r-oldrel-macos-arm64 1.0.0 180.00 NOTE
r-oldrel-windows-x86_64 1.0.0 62.00 481.00 543.00 OK

Check Details

Version: 1.0.0
Check: dependencies in R code
Result: NOTE Namespaces in Imports field not imported from: ‘BiocManager’ ‘crayon’ ‘knitr’ ‘methods’ All declared Imports should be used. Flavors: r-devel-linux-x86_64-fedora-clang, r-devel-linux-x86_64-fedora-gcc, r-oldrel-macos-arm64