CRAN Package Check Results for Package SCRSELECT

Last updated on 2023-04-02 07:55:28 CEST.

Flavor Version Tinstall Tcheck Ttotal Status Flags
r-devel-linux-x86_64-debian-clang 1.3-3 72.40 233.98 306.38 NOTE
r-devel-linux-x86_64-debian-gcc 1.3-3 64.65 166.09 230.74 NOTE
r-devel-linux-x86_64-fedora-clang 1.3-3 381.57 NOTE
r-devel-linux-x86_64-fedora-gcc 1.3-3 402.46 NOTE
r-devel-windows-x86_64 1.3-3 72.00 216.00 288.00 NOTE
r-patched-linux-x86_64 1.3-3 67.48 224.02 291.50 NOTE
r-release-linux-x86_64 1.3-3 73.67 221.18 294.85 NOTE
r-release-macos-arm64 1.3-3 84.00 NOTE
r-release-macos-x86_64 1.3-3 108.00 NOTE
r-release-windows-x86_64 1.3-3 80.00 200.00 280.00 NOTE
r-oldrel-macos-arm64 1.3-3 82.00 NOTE
r-oldrel-macos-x86_64 1.3-3 174.00 NOTE
r-oldrel-windows-ix86+x86_64 1.3-3 88.00 220.00 308.00 NOTE

Check Details

Version: 1.3-3
Check: LazyData
Result: NOTE
     'LazyData' is specified without a 'data' directory
Flavors: r-devel-linux-x86_64-debian-clang, r-devel-linux-x86_64-debian-gcc, r-devel-linux-x86_64-fedora-clang, r-devel-linux-x86_64-fedora-gcc, r-devel-windows-x86_64, r-patched-linux-x86_64, r-release-linux-x86_64, r-release-macos-arm64, r-release-macos-x86_64, r-release-windows-x86_64, r-oldrel-macos-arm64, r-oldrel-macos-x86_64, r-oldrel-windows-ix86+x86_64