CRAN Package Check Results for Package SCRSELECT

Last updated on 2021-04-13 14:47:44 CEST.

Flavor Version Tinstall Tcheck Ttotal Status Flags
r-devel-linux-x86_64-debian-clang 1.3-3 72.45 220.49 292.94 NOTE
r-devel-linux-x86_64-debian-gcc 1.3-3 61.67 157.81 219.48 NOTE
r-devel-linux-x86_64-fedora-clang 1.3-3 364.99 NOTE
r-devel-linux-x86_64-fedora-gcc 1.3-3 361.39 NOTE
r-devel-windows-ix86+x86_64 1.3-3 110.00 218.00 328.00 NOTE
r-devel-windows-x86_64-gcc10-UCRT 1.3-3 NOTE
r-patched-linux-x86_64 1.3-3 67.03 194.39 261.42 OK
r-patched-solaris-x86 1.3-3 395.70 OK
r-release-linux-x86_64 1.3-3 64.26 194.61 258.87 OK
r-release-macos-x86_64 1.3-3 OK
r-release-windows-ix86+x86_64 1.3-3 80.00 207.00 287.00 OK
r-oldrel-macos-x86_64 1.3-3 OK
r-oldrel-windows-ix86+x86_64 1.3-3 108.00 156.00 264.00 OK

Check Details

Version: 1.3-3
Check: LazyData
Result: NOTE
     'LazyData' is specified without a 'data' directory
Flavors: r-devel-linux-x86_64-debian-clang, r-devel-linux-x86_64-debian-gcc, r-devel-linux-x86_64-fedora-clang, r-devel-linux-x86_64-fedora-gcc, r-devel-windows-ix86+x86_64, r-devel-windows-x86_64-gcc10-UCRT