CRAN Package Check Results for Package SCperf

Last updated on 2024-07-15 01:48:22 CEST.

Flavor Version Tinstall Tcheck Ttotal Status Flags
r-devel-linux-x86_64-debian-clang 1.1.1 2.33 23.84 26.17 NOTE
r-devel-linux-x86_64-debian-gcc 1.1.1 2.05 18.60 20.65 NOTE
r-devel-linux-x86_64-fedora-clang 1.1.1 33.38 NOTE
r-devel-linux-x86_64-fedora-gcc 1.1.1 33.97 NOTE
r-devel-windows-x86_64 1.1.1 4.00 41.00 45.00 NOTE
r-patched-linux-x86_64 1.1.1 2.07 23.20 25.27 NOTE
r-release-linux-x86_64 1.1.1 2.48 23.58 26.06 NOTE
r-release-macos-arm64 1.1.1 14.00 NOTE
r-release-macos-x86_64 1.1.1 25.00 NOTE
r-release-windows-x86_64 1.1.1 3.00 41.00 44.00 NOTE
r-oldrel-macos-arm64 1.1.1 15.00 NOTE
r-oldrel-macos-x86_64 1.1.1 20.00 NOTE
r-oldrel-windows-x86_64 1.1.1 4.00 41.00 45.00 NOTE

Check Details

Version: 1.1.1
Check: LazyData
Result: NOTE 'LazyData' is specified without a 'data' directory Flavors: r-devel-linux-x86_64-debian-clang, r-devel-linux-x86_64-debian-gcc, r-devel-linux-x86_64-fedora-clang, r-devel-linux-x86_64-fedora-gcc, r-devel-windows-x86_64, r-patched-linux-x86_64, r-release-linux-x86_64, r-release-macos-arm64, r-release-macos-x86_64, r-release-windows-x86_64, r-oldrel-macos-arm64, r-oldrel-macos-x86_64, r-oldrel-windows-x86_64