CRAN Package Check Results for Package SCperf

Last updated on 2021-10-18 22:56:19 CEST.

Flavor Version Tinstall Tcheck Ttotal Status Flags
r-devel-linux-x86_64-debian-clang 1.1.1 2.18 23.07 25.25 NOTE
r-devel-linux-x86_64-debian-gcc 1.1.1 1.60 18.28 19.88 NOTE
r-devel-linux-x86_64-fedora-clang 1.1.1 41.89 NOTE
r-devel-linux-x86_64-fedora-gcc 1.1.1 30.63 NOTE
r-devel-windows-x86_64 1.1.1 4.00 39.00 43.00 NOTE
r-devel-windows-x86_64-gcc10-UCRT 1.1.1 NOTE
r-patched-linux-x86_64 1.1.1 2.47 22.74 25.21 NOTE
r-patched-solaris-x86 1.1.1 47.10 NOTE
r-release-linux-x86_64 1.1.1 2.45 22.57 25.02 NOTE
r-release-macos-arm64 1.1.1 NOTE
r-release-macos-x86_64 1.1.1 NOTE
r-release-windows-ix86+x86_64 1.1.1 6.00 52.00 58.00 NOTE
r-oldrel-macos-x86_64 1.1.1 OK
r-oldrel-windows-ix86+x86_64 1.1.1 5.00 37.00 42.00 OK

Check Details

Version: 1.1.1
Check: LazyData
Result: NOTE
     'LazyData' is specified without a 'data' directory
Flavors: r-devel-linux-x86_64-debian-clang, r-devel-linux-x86_64-debian-gcc, r-devel-linux-x86_64-fedora-clang, r-devel-linux-x86_64-fedora-gcc, r-devel-windows-x86_64, r-devel-windows-x86_64-gcc10-UCRT, r-patched-linux-x86_64, r-patched-solaris-x86, r-release-linux-x86_64, r-release-macos-arm64, r-release-macos-x86_64, r-release-windows-ix86+x86_64