Last updated on 2023-06-07 10:58:49 CEST.
Flavor | Version | Tinstall | Tcheck | Ttotal | Status | Flags |
---|---|---|---|---|---|---|
r-devel-linux-x86_64-debian-clang | 0.9-55 | 11.27 | 72.98 | 84.25 | OK | |
r-devel-linux-x86_64-debian-gcc | 0.9-55 | 7.45 | 55.69 | 63.14 | OK | |
r-devel-linux-x86_64-fedora-clang | 0.9-55 | 117.03 | NOTE | |||
r-devel-linux-x86_64-fedora-gcc | 0.9-55 | 110.76 | NOTE | |||
r-devel-windows-x86_64 | 0.9-55 | 12.00 | 72.00 | 84.00 | OK | |
r-patched-linux-x86_64 | 0.9-55 | 6.74 | 71.21 | 77.95 | OK | |
r-release-linux-x86_64 | 0.9-55 | 6.34 | 70.36 | 76.70 | OK | |
r-release-macos-arm64 | 0.9-55 | 42.00 | OK | |||
r-release-macos-x86_64 | 0.9-55 | 63.00 | OK | |||
r-release-windows-x86_64 | 0.9-55 | 13.00 | 83.00 | 96.00 | OK | |
r-oldrel-macos-arm64 | 0.9-55 | 32.00 | NOTE | |||
r-oldrel-macos-x86_64 | 0.9-55 | 59.00 | NOTE | |||
r-oldrel-windows-x86_64 | 0.9-55 | 13.00 | 84.00 | 97.00 | OK |
Version: 0.9-55
Check: data for non-ASCII characters
Result: NOTE
Note: found 2 marked UTF-8 strings
Flavors: r-devel-linux-x86_64-fedora-clang, r-devel-linux-x86_64-fedora-gcc, r-oldrel-macos-arm64, r-oldrel-macos-x86_64