CRAN Package Check Results for Package SDAR

Last updated on 2020-07-13 13:48:59 CEST.

Flavor Version Tinstall Tcheck Ttotal Status Flags
r-devel-linux-x86_64-debian-clang 0.9-3 7.35 58.24 65.59 OK
r-devel-linux-x86_64-debian-gcc 0.9-3 6.18 44.34 50.52 OK
r-devel-linux-x86_64-fedora-clang 0.9-3 88.66 OK
r-devel-linux-x86_64-fedora-gcc 0.9-3 80.50 OK
r-devel-windows-ix86+x86_64 0.9-3 15.00 103.00 118.00 OK
r-patched-linux-x86_64 0.9-3 7.01 56.98 63.99 OK
r-patched-solaris-x86 0.9-3 107.50 OK
r-release-linux-x86_64 0.9-3 6.79 56.68 63.47 OK
r-release-macos-x86_64 0.9-3 ERROR
r-release-windows-ix86+x86_64 0.9-3 17.00 97.00 114.00 OK
r-oldrel-macos-x86_64 0.9-3 OK
r-oldrel-windows-ix86+x86_64 0.9-3 16.00 70.00 86.00 OK

Check Details

Version: 0.9-3
Check: whether package can be installed
Result: ERROR
    Installation failed.
Flavor: r-release-macos-x86_64