CRAN Package Check Results for Package SDAResources

Last updated on 2021-10-17 11:49:31 CEST.

Flavor Version Tinstall Tcheck Ttotal Status Flags
r-devel-linux-x86_64-debian-clang 0.1.0 2.32 24.20 26.52 OK
r-devel-linux-x86_64-debian-gcc 0.1.0 2.20 19.30 21.50 OK
r-devel-linux-x86_64-fedora-clang 0.1.0 43.14 OK
r-devel-linux-x86_64-fedora-gcc 0.1.0 32.72 OK
r-devel-windows-x86_64 0.1.0 5.00 41.00 46.00 OK
r-devel-windows-x86_64-gcc10-UCRT 0.1.0 OK
r-patched-linux-x86_64 0.1.0 2.94 23.58 26.52 OK
r-patched-solaris-x86 0.1.0 50.80 OK
r-release-linux-x86_64 0.1.0 2.59 23.49 26.08 OK
r-release-macos-arm64 0.1.0 OK
r-release-macos-x86_64 0.1.0 OK
r-release-windows-ix86+x86_64 0.1.0 4.00 40.00 44.00 OK
r-oldrel-macos-x86_64 0.1.0 WARN
r-oldrel-windows-ix86+x86_64 0.1.0 7.00 40.00 47.00 OK

Check Details

Version: 0.1.0
Check: re-building of vignette outputs
Result: WARN
    Error(s) in re-building vignettes:
     ...
    --- re-building ‘Introduction.Rmd’ using rmarkdown
    Warning in engine$weave(file, quiet = quiet, encoding = enc) :
     Pandoc (>= 1.12.3) not available. Falling back to R Markdown v1.
    Error: processing vignette 'Introduction.Rmd' failed with diagnostics:
    there is no package called 'stringi'
    --- failed re-building ‘Introduction.Rmd’
    
    SUMMARY: processing the following file failed:
     ‘Introduction.Rmd’
    
    Error: Vignette re-building failed.
    Execution halted
Flavor: r-oldrel-macos-x86_64