Last updated on 2023-12-04 07:03:19 CET.
Flavor | Version | Tinstall | Tcheck | Ttotal | Status | Flags |
---|---|---|---|---|---|---|
r-devel-linux-x86_64-debian-clang | 1.0.1 | 3.27 | 42.00 | 45.27 | NOTE | |
r-devel-linux-x86_64-debian-gcc | 1.0.1 | 2.71 | 32.03 | 34.74 | NOTE | |
r-devel-linux-x86_64-fedora-clang | 1.0.1 | 58.01 | OK | |||
r-devel-linux-x86_64-fedora-gcc | 1.0.1 | 67.63 | OK | |||
r-devel-windows-x86_64 | 1.0.1 | 4.00 | 53.00 | 57.00 | OK | |
r-patched-linux-x86_64 | 1.0.1 | 3.61 | 41.68 | 45.29 | OK | |
r-release-linux-x86_64 | 1.0.1 | 3.08 | 40.77 | 43.85 | OK | |
r-release-macos-arm64 | 1.0.1 | 27.00 | OK | |||
r-release-macos-x86_64 | 1.0.1 | 44.00 | OK | |||
r-release-windows-x86_64 | 1.0.1 | 5.00 | 58.00 | 63.00 | OK | |
r-oldrel-macos-arm64 | 1.0.1 | 22.00 | OK | |||
r-oldrel-macos-x86_64 | 1.0.1 | 43.00 | OK | |||
r-oldrel-windows-x86_64 | 1.0.1 | 7.00 | 62.00 | 69.00 | OK |
Version: 1.0.1
Check: Rd files
Result: NOTE
checkRd: (-1) sdc_extabs.Rd:59: Lost braces
59 | (including ]code{forcelist} variables) that can be used to form tables.}
| ^
Flavors: r-devel-linux-x86_64-debian-clang, r-devel-linux-x86_64-debian-gcc