CRAN Package Check Results for Package SDDE

Last updated on 2020-10-25 20:48:04 CET.

Flavor Version Tinstall Tcheck Ttotal Status Flags
r-devel-linux-x86_64-debian-clang 1.0.1 5.34 43.37 48.71 NOTE
r-devel-linux-x86_64-debian-gcc 1.0.1 5.22 33.10 38.32 NOTE
r-devel-linux-x86_64-fedora-clang 1.0.1 67.40 NOTE
r-devel-linux-x86_64-fedora-gcc 1.0.1 56.78 NOTE
r-devel-windows-ix86+x86_64 1.0.1 11.00 82.00 93.00 OK
r-patched-linux-x86_64 1.0.1 6.48 40.61 47.09 NOTE
r-patched-solaris-x86 1.0.1 88.90 NOTE
r-release-linux-x86_64 1.0.1 4.91 40.67 45.58 NOTE
r-release-macos-x86_64 1.0.1 OK
r-release-windows-ix86+x86_64 1.0.1 9.00 65.00 74.00 OK
r-oldrel-macos-x86_64 1.0.1 OK
r-oldrel-windows-ix86+x86_64 1.0.1 10.00 79.00 89.00 OK

Check Details

Version: 1.0.1
Check: for non-standard things in the check directory
Result: NOTE
    Found the following files/directories:
     'result.txt'
Flavors: r-devel-linux-x86_64-debian-clang, r-devel-linux-x86_64-debian-gcc, r-devel-linux-x86_64-fedora-clang, r-devel-linux-x86_64-fedora-gcc, r-patched-linux-x86_64, r-patched-solaris-x86, r-release-linux-x86_64

Version: 1.0.1
Check: compiled code
Result: NOTE
    File ‘SDDE/libs/SDDE.so’:
     Found no calls to: ‘R_registerRoutines’, ‘R_useDynamicSymbols’
    
    It is good practice to register native routines and to disable symbol
    search.
    
    See ‘Writing portable packages’ in the ‘Writing R Extensions’ manual.
Flavors: r-devel-linux-x86_64-fedora-clang, r-devel-linux-x86_64-fedora-gcc