CRAN Package Check Results for Package SDEFSR

Last updated on 2022-11-28 01:51:45 CET.

Flavor Version Tinstall Tcheck Ttotal Status Flags
r-devel-linux-x86_64-debian-clang 0.7.22 9.27 83.52 92.79 NOTE
r-devel-linux-x86_64-debian-gcc 0.7.22 8.03 62.00 70.03 NOTE
r-devel-linux-x86_64-fedora-clang 0.7.22 123.13 NOTE
r-devel-linux-x86_64-fedora-gcc 0.7.22 149.14 NOTE
r-devel-windows-x86_64 0.7.22 27.00 169.00 196.00 NOTE
r-patched-linux-x86_64 0.7.22 8.50 77.18 85.68 OK
r-release-linux-x86_64 0.7.22 9.95 95.20 105.15 OK
r-release-macos-arm64 0.7.22 42.00 OK
r-release-macos-x86_64 0.7.22 80.00 OK
r-release-windows-x86_64 0.7.22 44.00 160.00 204.00 OK
r-oldrel-macos-arm64 0.7.22 53.00 OK
r-oldrel-macos-x86_64 0.7.22 59.00 OK
r-oldrel-windows-ix86+x86_64 0.7.22 18.00 115.00 133.00 OK

Check Details

Version: 0.7.22
Check: package subdirectories
Result: NOTE
    Problems with news in 'NEWS.md':
    No news entries found.
Flavors: r-devel-linux-x86_64-debian-clang, r-devel-linux-x86_64-debian-gcc, r-devel-linux-x86_64-fedora-clang, r-devel-linux-x86_64-fedora-gcc, r-devel-windows-x86_64