Last updated on 2023-03-29 08:53:52 CEST.
Flavor | Version | Tinstall | Tcheck | Ttotal | Status | Flags |
---|---|---|---|---|---|---|
r-devel-linux-x86_64-debian-clang | 2.7.1 | 13.28 | 138.61 | 151.89 | OK | |
r-devel-linux-x86_64-debian-gcc | 2.7.1 | 10.37 | 101.49 | 111.86 | OK | |
r-devel-linux-x86_64-fedora-clang | 2.7.1 | 178.47 | NOTE | |||
r-devel-linux-x86_64-fedora-gcc | 2.7.1 | 240.44 | NOTE | |||
r-devel-windows-x86_64 | 2.7.1 | 86.00 | 0.00 | 86.00 | OK | |
r-patched-linux-x86_64 | 2.7.1 | 7.58 | 128.48 | 136.06 | OK | |
r-release-linux-x86_64 | 2.7.1 | 7.52 | 129.28 | 136.80 | OK | |
r-release-macos-arm64 | 2.7.1 | 49.00 | OK | |||
r-release-macos-x86_64 | 2.7.1 | 79.00 | OK | |||
r-release-windows-x86_64 | 2.7.1 | 105.00 | 171.00 | 276.00 | OK | |
r-oldrel-macos-arm64 | 2.7.1 | 46.00 | OK | |||
r-oldrel-macos-x86_64 | 2.7.1 | 83.00 | OK | |||
r-oldrel-windows-ix86+x86_64 | 2.7.1 | 25.00 | 171.00 | 196.00 | OK |
Version: 2.7.1
Check: data for non-ASCII characters
Result: NOTE
Note: found 5 marked Latin-1 strings
Note: found 51869 marked UTF-8 strings
Flavors: r-devel-linux-x86_64-fedora-clang, r-devel-linux-x86_64-fedora-gcc