CRAN Package Check Results for Package SDLfilter

Last updated on 2019-05-23 10:54:17 CEST.

Flavor Version Tinstall Tcheck Ttotal Status Flags
r-devel-linux-x86_64-debian-clang 1.2.1 18.40 152.03 170.43 OK
r-devel-linux-x86_64-debian-gcc 1.2.1 14.65 116.48 131.13 OK
r-devel-linux-x86_64-fedora-clang 1.2.1 201.48 NOTE
r-devel-linux-x86_64-fedora-gcc 1.2.1 195.99 NOTE
r-devel-windows-ix86+x86_64 1.2.1 39.00 175.00 214.00 OK
r-patched-linux-x86_64 1.2.1 17.15 147.42 164.57 OK
r-patched-solaris-x86 1.2.1 324.80 NOTE
r-release-linux-x86_64 1.2.1 19.36 145.56 164.92 OK
r-release-windows-ix86+x86_64 1.2.1 57.00 175.00 232.00 OK
r-release-osx-x86_64 1.2.1 NOTE
r-oldrel-windows-ix86+x86_64 1.2.1 21.00 162.00 183.00 OK
r-oldrel-osx-x86_64 1.2.1 NOTE

Check Details

Version: 1.2.1
Check: dependencies in R code
Result: NOTE
    Namespace in Imports field not imported from: ‘maps’
     All declared Imports should be used.
Flavors: r-devel-linux-x86_64-fedora-clang, r-devel-linux-x86_64-fedora-gcc, r-patched-solaris-x86, r-release-osx-x86_64, r-oldrel-osx-x86_64