CRAN Package Check Results for Package SDMPlay

Last updated on 2021-09-19 15:49:41 CEST.

Flavor Version Tinstall Tcheck Ttotal Status Flags
r-devel-linux-x86_64-debian-clang 2.0 6.08 60.33 66.41 OK
r-devel-linux-x86_64-debian-gcc 2.0 4.20 45.17 49.37 OK
r-devel-linux-x86_64-fedora-clang 2.0 87.31 OK
r-devel-linux-x86_64-fedora-gcc 2.0 78.23 OK
r-devel-windows-x86_64 2.0 7.00 63.00 70.00 OK
r-devel-windows-x86_64-gcc10-UCRT 2.0 ERROR
r-patched-linux-x86_64 2.0 5.52 57.34 62.86 OK
r-patched-solaris-x86 2.0 106.40 OK
r-release-linux-x86_64 2.0 3.79 58.23 62.02 OK
r-release-macos-arm64 2.0 OK
r-release-macos-x86_64 2.0 OK
r-release-windows-ix86+x86_64 2.0 9.00 72.00 81.00 OK
r-oldrel-macos-x86_64 2.0 OK
r-oldrel-windows-ix86+x86_64 1.3 8.00 69.00 77.00 OK

Check Details

Version: 2.0
Check: whether package can be installed
Result: WARN
    Found the following significant warnings:
     WARNING: installation-time patches will not be applied, could not get the patches index
Flavor: r-devel-windows-x86_64-gcc10-UCRT

Version: 2.0
Check: PDF version of manual
Result: WARN
    LaTeX errors when creating PDF version.
    This typically indicates Rd problems.
Flavor: r-devel-windows-x86_64-gcc10-UCRT

Version: 2.0
Check: PDF version of manual without hyperrefs or index
Result: ERROR
    Re-running with no redirection of stdout/stderr.
Flavor: r-devel-windows-x86_64-gcc10-UCRT