CRAN Package Check Results for Package SDaA

Last updated on 2019-11-14 21:47:15 CET.

Flavor Version Tinstall Tcheck Ttotal Status Flags
r-devel-linux-x86_64-debian-clang 0.1-3 2.39 27.29 29.68 NOTE
r-devel-linux-x86_64-debian-gcc 0.1-3 1.70 22.03 23.73 NOTE
r-devel-linux-x86_64-fedora-clang 0.1-3 37.43 NOTE
r-devel-linux-x86_64-fedora-gcc 0.1-3 36.43 NOTE
r-devel-windows-ix86+x86_64 0.1-3 8.00 44.00 52.00 NOTE
r-patched-linux-x86_64 0.1-3 1.74 26.34 28.08 NOTE
r-patched-solaris-x86 0.1-3 54.00 NOTE
r-release-linux-x86_64 0.1-3 1.67 26.36 28.03 NOTE
r-release-windows-ix86+x86_64 0.1-3 6.00 69.00 75.00 NOTE
r-release-osx-x86_64 0.1-3 NOTE
r-oldrel-windows-ix86+x86_64 0.1-3 6.00 71.00 77.00 NOTE
r-oldrel-osx-x86_64 0.1-3 NOTE

Check Details

Version: 0.1-3
Check: R code for possible problems
Result: NOTE
    lahiri.design: no visible global function definition for 'runif'
    Undefined global functions or variables:
     runif
    Consider adding
     importFrom("stats", "runif")
    to your NAMESPACE file.
Flavors: r-devel-linux-x86_64-debian-clang, r-devel-linux-x86_64-debian-gcc, r-devel-linux-x86_64-fedora-clang, r-devel-linux-x86_64-fedora-gcc, r-devel-windows-ix86+x86_64, r-patched-linux-x86_64, r-patched-solaris-x86, r-release-linux-x86_64, r-release-windows-ix86+x86_64, r-release-osx-x86_64, r-oldrel-windows-ix86+x86_64, r-oldrel-osx-x86_64