CRAN Package Check Results for Package SDaA

Last updated on 2019-07-21 04:46:24 CEST.

Flavor Version Tinstall Tcheck Ttotal Status Flags
r-devel-linux-x86_64-debian-clang 0.1-3 2.16 27.11 29.27 NOTE
r-devel-linux-x86_64-debian-gcc 0.1-3 1.62 22.36 23.98 NOTE
r-devel-linux-x86_64-fedora-clang 0.1-3 36.26 NOTE
r-devel-linux-x86_64-fedora-gcc 0.1-3 34.61 NOTE
r-devel-windows-ix86+x86_64 0.1-3 5.00 61.00 66.00 NOTE
r-patched-linux-x86_64 0.1-3 2.13 27.08 29.21 NOTE
r-patched-solaris-x86 0.1-3 57.10 NOTE
r-release-linux-x86_64 0.1-3 2.07 26.84 28.91 NOTE
r-release-windows-ix86+x86_64 0.1-3 4.00 41.00 45.00 NOTE
r-release-osx-x86_64 0.1-3 NOTE
r-oldrel-windows-ix86+x86_64 0.1-3 4.00 43.00 47.00 NOTE
r-oldrel-osx-x86_64 0.1-3 NOTE

Check Details

Version: 0.1-3
Check: R code for possible problems
Result: NOTE
    lahiri.design: no visible global function definition for 'runif'
    Undefined global functions or variables:
     runif
    Consider adding
     importFrom("stats", "runif")
    to your NAMESPACE file.
Flavors: r-devel-linux-x86_64-debian-clang, r-devel-linux-x86_64-debian-gcc, r-devel-linux-x86_64-fedora-clang, r-devel-linux-x86_64-fedora-gcc, r-devel-windows-ix86+x86_64, r-patched-linux-x86_64, r-patched-solaris-x86, r-release-linux-x86_64, r-release-windows-ix86+x86_64, r-release-osx-x86_64, r-oldrel-windows-ix86+x86_64, r-oldrel-osx-x86_64