CRAN Package Check Results for Package SDraw

Last updated on 2020-07-16 18:50:52 CEST.

Flavor Version Tinstall Tcheck Ttotal Status Flags
r-devel-linux-x86_64-debian-clang 2.1.13 17.55 262.88 280.43 OK
r-devel-linux-x86_64-debian-gcc 2.1.13 13.39 194.09 207.48 OK
r-devel-linux-x86_64-fedora-clang 2.1.13 343.41 NOTE
r-devel-linux-x86_64-fedora-gcc 2.1.13 357.32 NOTE
r-devel-windows-ix86+x86_64 2.1.13 59.00 392.00 451.00 OK
r-patched-linux-x86_64 2.1.13 14.53 257.41 271.94 OK
r-patched-solaris-x86 2.1.13 1231.90 NOTE
r-release-linux-x86_64 2.1.13 13.66 260.30 273.96 OK
r-release-windows-ix86+x86_64 2.1.13 54.00 384.00 438.00 OK
r-oldrel-macos-x86_64 2.1.13 NOTE
r-oldrel-windows-ix86+x86_64 2.1.13 55.00 358.00 413.00 OK

Check Details

Version: 2.1.13
Check: dependencies in R code
Result: NOTE
    Namespace in Imports field not imported from: ‘covr’
     All declared Imports should be used.
Flavors: r-devel-linux-x86_64-fedora-clang, r-devel-linux-x86_64-fedora-gcc, r-patched-solaris-x86, r-oldrel-macos-x86_64