CRAN Package Check Results for Package SEI

Last updated on 2024-05-28 09:55:13 CEST.

Flavor Version Tinstall Tcheck Ttotal Status Flags
r-devel-linux-x86_64-debian-clang 0.1.1 3.80 73.63 77.43 OK
r-devel-linux-x86_64-debian-gcc 0.1.1 3.45 47.42 50.87 WARN
r-devel-linux-x86_64-fedora-clang 0.1.1 101.43 OK
r-devel-linux-x86_64-fedora-gcc 0.1.1 103.16 OK
r-devel-windows-x86_64 0.1.1 5.00 92.00 97.00 OK
r-patched-linux-x86_64 0.1.1 4.61 69.65 74.26 OK
r-release-linux-x86_64 0.1.1 4.56 70.24 74.80 OK
r-release-macos-arm64 0.1.1 45.00 WARN
r-release-macos-x86_64 0.1.1 85.00 OK
r-release-windows-x86_64 0.1.1 5.00 94.00 99.00 OK
r-oldrel-macos-arm64 0.1.1 53.00 WARN
r-oldrel-macos-x86_64 0.1.1 78.00 OK
r-oldrel-windows-x86_64 0.1.1 6.00 99.00 105.00 OK

Check Details

Version: 0.1.1
Check: re-building of vignette outputs
Result: WARN Error(s) in re-building vignettes: ... --- re-building ‘SEI_vignette.Rnw’ using knitr Error: processing vignette 'SEI_vignette.Rnw' failed with diagnostics: Running 'texi2dvi' on 'SEI_vignette.tex' failed. LaTeX errors: ! Undefined control sequence. l.269 \hldef {x} \hlkwb{<-} \hlkwd{rgamma}\hldef{(}\hlnum{1000}\hldef{,} \hlk... ? ! Emergency stop. l.269 End of file on the terminal! ! ==> Fatal error occurred, no output PDF file produced! --- failed re-building ‘SEI_vignette.Rnw’ SUMMARY: processing the following file failed: ‘SEI_vignette.Rnw’ Error: Vignette re-building failed. Execution halted Flavor: r-devel-linux-x86_64-debian-gcc

Version: 0.1.1
Check: re-building of vignette outputs
Result: WARN Error(s) in re-building vignettes: ... --- re-building ‘SEI_vignette.Rnw’ using knitr Error: processing vignette 'SEI_vignette.Rnw' failed with diagnostics: Running 'texi2dvi' on 'SEI_vignette.tex' failed. LaTeX errors: !pdfTeX error: pdflatex (file bbm8): Font bbm8 at 600 not found ==> Fatal error occurred, no output PDF file produced! --- failed re-building ‘SEI_vignette.Rnw’ SUMMARY: processing the following file failed: ‘SEI_vignette.Rnw’ Error: Vignette re-building failed. Execution halted Flavors: r-release-macos-arm64, r-oldrel-macos-arm64