CRAN Package Check Results for Package SEIRfansy

Last updated on 2021-02-26 14:47:08 CET.

Flavor Version Tinstall Tcheck Ttotal Status Flags
r-devel-linux-x86_64-debian-clang 1.1.0 15.02 119.39 134.41 OK
r-devel-linux-x86_64-debian-gcc 1.1.0 12.68 89.54 102.22 OK
r-devel-linux-x86_64-fedora-clang 1.1.0 179.42 NOTE
r-devel-linux-x86_64-fedora-gcc 1.1.0 173.27 NOTE
r-devel-windows-ix86+x86_64 1.1.0 25.00 102.00 127.00 OK
r-patched-linux-x86_64 1.1.0 9.90 110.60 120.50 OK
r-patched-solaris-x86 1.1.0 233.40 NOTE
r-release-linux-x86_64 1.1.0 9.40 111.41 120.81 OK
r-release-macos-x86_64 1.1.0 NOTE
r-release-windows-ix86+x86_64 1.1.0 41.00 140.00 181.00 OK
r-oldrel-macos-x86_64 1.1.0 NOTE
r-oldrel-windows-ix86+x86_64 1.1.0 22.00 137.00 159.00 NOTE

Check Details

Version: 1.1.0
Check: dependencies in R code
Result: NOTE
    Namespace in Imports field not imported from: ‘knitr’
     All declared Imports should be used.
Flavors: r-devel-linux-x86_64-fedora-clang, r-devel-linux-x86_64-fedora-gcc, r-patched-solaris-x86, r-release-macos-x86_64, r-oldrel-macos-x86_64

Version: 1.1.0
Check: R code for possible problems
Result: NOTE
    plot.SEIRfansy: no visible global function definition for ‘plot’
    plot.SEIRfansyPredict: no visible global function definition for ‘plot’
    Undefined global functions or variables:
     plot
    Consider adding
     importFrom("graphics", "plot")
    to your NAMESPACE file.
Flavors: r-oldrel-macos-x86_64, r-oldrel-windows-ix86+x86_64