CRAN Package Check Results for Package SEMsens

Last updated on 2020-09-20 03:47:37 CEST.

Flavor Version Tinstall Tcheck Ttotal Status Flags
r-devel-linux-x86_64-debian-clang 0.2.6 2.70 36.32 39.02 OK
r-devel-linux-x86_64-debian-gcc 0.2.6 1.90 27.77 29.67 OK
r-devel-linux-x86_64-fedora-clang 0.2.6 55.03 OK
r-devel-linux-x86_64-fedora-gcc 0.2.6 46.79 OK
r-devel-windows-ix86+x86_64 0.2.6 6.00 45.00 51.00 OK
r-patched-linux-x86_64 0.2.6 2.03 35.86 37.89 OK
r-patched-solaris-x86 0.2.6 65.40 OK
r-release-linux-x86_64 0.2.6 2.76 36.30 39.06 OK
r-release-macos-x86_64 0.2.6 OK
r-release-windows-ix86+x86_64 0.2.6 8.00 58.00 66.00 OK
r-oldrel-macos-x86_64 0.2.6 ERROR

Check Details

Version: 0.2.6
Check: whether package can be installed
Result: ERROR
    Installation failed.
Flavor: r-oldrel-macos-x86_64