CRAN Package Check Results for Package SEPaLS

Last updated on 2024-03-04 22:58:15 CET.

Flavor Version Tinstall Tcheck Ttotal Status Flags
r-devel-linux-x86_64-debian-clang 0.1.0 1.72 23.29 25.01 OK
r-devel-linux-x86_64-debian-gcc 0.1.0 1.61 17.69 19.30 OK
r-devel-linux-x86_64-fedora-clang 0.1.0 32.19 NOTE
r-devel-linux-x86_64-fedora-gcc 0.1.0 30.67 NOTE
r-devel-windows-x86_64 0.1.0 3.00 36.00 39.00 OK
r-patched-linux-x86_64 0.1.0 2.43 22.62 25.05 OK
r-release-linux-x86_64 0.1.0 2.13 22.37 24.50 OK
r-release-macos-arm64 0.1.0 17.00 OK
r-release-macos-x86_64 0.1.0 32.00 OK
r-release-windows-x86_64 0.1.0 7.00 34.00 41.00 OK
r-oldrel-macos-arm64 0.1.0 20.00 OK
r-oldrel-windows-x86_64 0.1.0 6.00 38.00 44.00 OK

Check Details

Version: 0.1.0
Check: data for non-ASCII characters
Result: NOTE Note: found 182 marked UTF-8 strings Flavors: r-devel-linux-x86_64-fedora-clang, r-devel-linux-x86_64-fedora-gcc